CRAN Package Check Results for Package ExpertChoice

Last updated on 2022-06-28 13:49:57 CEST.

Flavor Version Tinstall Tcheck Ttotal Status Flags
r-devel-linux-x86_64-debian-clang 0.2.0 2.56 55.65 58.21 NOTE
r-devel-linux-x86_64-debian-gcc 0.2.0 2.13 41.94 44.07 NOTE
r-devel-linux-x86_64-fedora-clang 0.2.0 79.42 NOTE
r-devel-linux-x86_64-fedora-gcc 0.2.0 76.95 NOTE
r-devel-windows-x86_64 0.2.0 20.00 92.00 112.00 NOTE
r-patched-linux-x86_64 0.2.0 2.91 54.63 57.54 NOTE
r-release-linux-x86_64 0.2.0 2.13 53.11 55.24 NOTE
r-release-macos-arm64 0.2.0 28.00 NOTE
r-release-macos-x86_64 0.2.0 50.00 NOTE
r-release-windows-x86_64 0.2.0 12.00 96.00 108.00 NOTE
r-oldrel-macos-arm64 0.2.0 34.00 NOTE
r-oldrel-macos-x86_64 0.2.0 49.00 NOTE
r-oldrel-windows-ix86+x86_64 0.2.0 7.00 80.00 87.00 NOTE

Check Details

Version: 0.2.0
Check: LazyData
Result: NOTE
     'LazyData' is specified without a 'data' directory
Flavors: r-devel-linux-x86_64-debian-clang, r-devel-linux-x86_64-debian-gcc, r-devel-linux-x86_64-fedora-clang, r-devel-linux-x86_64-fedora-gcc, r-devel-windows-x86_64, r-patched-linux-x86_64, r-release-linux-x86_64, r-release-macos-arm64, r-release-macos-x86_64, r-release-windows-x86_64, r-oldrel-macos-arm64, r-oldrel-macos-x86_64, r-oldrel-windows-ix86+x86_64