Last updated on 2023-05-30 14:56:45 CEST.
Flavor | Version | Tinstall | Tcheck | Ttotal | Status | Flags |
---|---|---|---|---|---|---|
r-devel-linux-x86_64-debian-clang | 9.1.6 | 25.23 | 267.35 | 292.58 | OK | |
r-devel-linux-x86_64-debian-gcc | 9.1.6 | 22.58 | 200.18 | 222.76 | OK | |
r-devel-linux-x86_64-fedora-clang | 9.1.6 | 368.41 | OK | |||
r-devel-linux-x86_64-fedora-gcc | 9.1.6 | 353.14 | OK | |||
r-devel-windows-x86_64 | 9.1.6 | 23.00 | 169.00 | 192.00 | OK | |
r-patched-linux-x86_64 | 9.1.6 | 28.16 | 255.99 | 284.15 | OK | |
r-release-linux-x86_64 | 9.1.6 | 25.25 | 256.28 | 281.53 | OK | |
r-release-macos-arm64 | 9.1.6 | 80.00 | OK | |||
r-release-macos-x86_64 | 9.1.5 | 169.00 | NOTE | |||
r-release-windows-x86_64 | 9.1.6 | 31.00 | 227.00 | 258.00 | OK | |
r-oldrel-macos-arm64 | 9.1.6 | 80.00 | OK | |||
r-oldrel-macos-x86_64 | 9.1.6 | 108.00 | OK | |||
r-oldrel-windows-x86_64 | 9.1.6 | 31.00 | 222.00 | 253.00 | OK |
Version: 9.1.5
Check: LazyData
Result: NOTE
'LazyData' is specified without a 'data' directory
Flavor: r-release-macos-x86_64