Last updated on 2022-05-19 08:52:05 CEST.
Flavor | Version | Tinstall | Tcheck | Ttotal | Status | Flags |
---|---|---|---|---|---|---|
r-devel-linux-x86_64-debian-clang | 0.1.0 | 2.20 | 34.48 | 36.68 | NOTE | |
r-devel-linux-x86_64-debian-gcc | 0.1.0 | 1.59 | 26.04 | 27.63 | NOTE | |
r-devel-linux-x86_64-fedora-clang | 0.1.0 | 43.57 | NOTE | |||
r-devel-linux-x86_64-fedora-gcc | 0.1.0 | 42.21 | NOTE | |||
r-devel-windows-x86_64 | 0.1.0 | 12.00 | 50.00 | 62.00 | NOTE | |
r-patched-linux-x86_64 | 0.1.0 | 1.62 | 32.22 | 33.84 | NOTE | |
r-release-linux-x86_64 | 0.1.0 | 1.85 | 32.79 | 34.64 | NOTE | |
r-release-macos-arm64 | 0.1.0 | 17.00 | NOTE | |||
r-release-macos-x86_64 | 0.1.0 | 20.00 | NOTE | |||
r-release-windows-x86_64 | 0.1.0 | 8.00 | 52.00 | 60.00 | NOTE | |
r-oldrel-macos-arm64 | 0.1.0 | 18.00 | NOTE | |||
r-oldrel-macos-x86_64 | 0.1.0 | 25.00 | NOTE | |||
r-oldrel-windows-ix86+x86_64 | 0.1.0 | 4.00 | 43.00 | 47.00 | NOTE |
Version: 0.1.0
Check: dependencies in R code
Result: NOTE
'library' or 'require' calls in package code:
'ggplot2' 'gridExtra'
Please use :: or requireNamespace() instead.
See section 'Suggested packages' in the 'Writing R Extensions' manual.
Flavors: r-devel-linux-x86_64-debian-clang, r-devel-linux-x86_64-debian-gcc, r-devel-linux-x86_64-fedora-clang, r-devel-linux-x86_64-fedora-gcc, r-devel-windows-x86_64, r-patched-linux-x86_64, r-release-linux-x86_64, r-release-macos-arm64, r-release-macos-x86_64, r-release-windows-x86_64, r-oldrel-macos-arm64, r-oldrel-macos-x86_64, r-oldrel-windows-ix86+x86_64
Version: 0.1.0
Check: R code for possible problems
Result: NOTE
FFieldPtRepDemo: no visible global function definition for 'ggplot'
FFieldPtRepDemo: no visible binding for global variable 'mtcars'
FFieldPtRepDemo: no visible global function definition for 'aes'
FFieldPtRepDemo: no visible binding for global variable 'mpg'
FFieldPtRepDemo: no visible global function definition for 'geom_point'
FFieldPtRepDemo: no visible global function definition for 'geom_text'
FFieldPtRepDemo: no visible global function definition for 'ggtitle'
FFieldPtRepDemo: no visible global function definition for
'geom_segment'
FFieldPtRepDemo: no visible global function definition for
'grid.arrange'
Undefined global functions or variables:
aes geom_point geom_segment geom_text ggplot ggtitle grid.arrange mpg
mtcars
Consider adding
importFrom("datasets", "mtcars")
to your NAMESPACE file.
Flavors: r-devel-linux-x86_64-debian-clang, r-devel-linux-x86_64-debian-gcc, r-devel-linux-x86_64-fedora-clang, r-devel-linux-x86_64-fedora-gcc, r-devel-windows-x86_64, r-patched-linux-x86_64, r-release-linux-x86_64, r-release-macos-arm64, r-release-macos-x86_64, r-release-windows-x86_64, r-oldrel-macos-arm64, r-oldrel-macos-x86_64, r-oldrel-windows-ix86+x86_64