Last updated on 2023-02-01 09:53:03 CET.
Flavor | Version | Tinstall | Tcheck | Ttotal | Status | Flags |
---|---|---|---|---|---|---|
r-devel-linux-x86_64-debian-clang | 0.1.0 | 49.39 | 508.07 | 557.46 | NOTE | |
r-devel-linux-x86_64-debian-gcc | 0.1.0 | 40.32 | 806.09 | 846.41 | NOTE | |
r-devel-linux-x86_64-fedora-clang | 0.1.0 | 565.51 | NOTE | |||
r-devel-linux-x86_64-fedora-gcc | 0.1.0 | 779.57 | NOTE | |||
r-devel-windows-x86_64 | 0.1.0 | 48.00 | 339.00 | 387.00 | NOTE | |
r-patched-linux-x86_64 | 0.1.0 | 42.77 | 649.92 | 692.69 | OK | |
r-release-linux-x86_64 | 0.1.0 | 43.32 | 594.04 | 637.36 | OK | |
r-release-macos-arm64 | 0.1.0 | 212.00 | OK | |||
r-release-macos-x86_64 | 0.1.0 | 148.00 | OK | |||
r-release-windows-x86_64 | 0.1.0 | 47.00 | 347.00 | 394.00 | OK | |
r-oldrel-macos-arm64 | 0.1.0 | 178.00 | OK | |||
r-oldrel-macos-x86_64 | 0.1.0 | 144.00 | OK | |||
r-oldrel-windows-ix86+x86_64 | 0.1.0 | 113.00 | 378.00 | 491.00 | OK |
Version: 0.1.0
Check: C++ specification
Result: NOTE
Specified C++11: please update to current default of C++17
Flavors: r-devel-linux-x86_64-debian-clang, r-devel-linux-x86_64-debian-gcc, r-devel-linux-x86_64-fedora-clang, r-devel-linux-x86_64-fedora-gcc, r-devel-windows-x86_64