Last updated on 2023-02-09 05:54:10 CET.
Flavor | Version | Tinstall | Tcheck | Ttotal | Status | Flags |
---|---|---|---|---|---|---|
r-devel-linux-x86_64-debian-clang | 0.5.2 | 9.31 | 262.12 | 271.43 | OK | |
r-devel-linux-x86_64-debian-gcc | 0.5.2 | 7.87 | 186.28 | 194.15 | OK | |
r-devel-linux-x86_64-fedora-clang | 0.5.2 | 318.60 | NOTE | |||
r-devel-linux-x86_64-fedora-gcc | 0.5.2 | 329.88 | NOTE | |||
r-devel-windows-x86_64 | 0.5.2 | 74.00 | 335.00 | 409.00 | OK | |
r-patched-linux-x86_64 | 0.5.2 | 7.43 | 236.50 | 243.93 | OK | |
r-release-linux-x86_64 | 0.5.2 | 6.77 | 236.47 | 243.24 | OK | |
r-release-macos-arm64 | 0.5.2 | 89.00 | NOTE | |||
r-release-macos-x86_64 | 0.5.2 | 140.00 | NOTE | |||
r-release-windows-x86_64 | 0.5.2 | 40.00 | 338.00 | 378.00 | OK | |
r-oldrel-macos-arm64 | 0.5.2 | 76.00 | NOTE | |||
r-oldrel-macos-x86_64 | 0.5.2 | 110.00 | NOTE | |||
r-oldrel-windows-ix86+x86_64 | 0.5.2 | 18.00 | 332.00 | 350.00 | OK |
Version: 0.5.2
Check: dependencies in R code
Result: NOTE
Namespace in Imports field not imported from: ‘rgdal’
All declared Imports should be used.
Flavors: r-devel-linux-x86_64-fedora-clang, r-devel-linux-x86_64-fedora-gcc, r-release-macos-arm64, r-release-macos-x86_64, r-oldrel-macos-arm64, r-oldrel-macos-x86_64