CRAN Package Check Results for Package FRESA.CAD

Last updated on 2022-01-26 22:54:50 CET.

Flavor Version Tinstall Tcheck Ttotal Status Flags
r-devel-linux-x86_64-debian-clang 3.3.1 114.55 216.43 330.98 OK
r-devel-linux-x86_64-debian-gcc 3.3.1 75.92 162.07 237.99 OK
r-devel-linux-x86_64-fedora-clang 3.3.1 430.26 NOTE
r-devel-linux-x86_64-fedora-gcc 3.3.1 406.08 OK
r-devel-windows-x86_64-new-UL 3.3.1 228.00 235.00 463.00 OK
r-devel-windows-x86_64-new-TK 3.3.1 NOTE
r-patched-linux-x86_64 3.3.1 98.54 204.73 303.27 OK
r-release-linux-x86_64 3.3.1 78.04 197.84 275.88 OK
r-release-macos-arm64 3.3.1 NOTE
r-release-macos-x86_64 3.3.1 NOTE
r-release-windows-ix86+x86_64 3.3.1 247.00 261.00 508.00 NOTE
r-oldrel-macos-x86_64 3.3.1 NOTE
r-oldrel-windows-ix86+x86_64 3.3.1 247.00 259.00 506.00 NOTE

Check Details

Version: 3.3.1
Check: installed package size
Result: NOTE
     installed size is 8.9Mb
     sub-directories of 1Mb or more:
     doc 1.7Mb
     libs 6.1Mb
Flavors: r-devel-linux-x86_64-fedora-clang, r-release-macos-arm64, r-release-macos-x86_64, r-release-windows-ix86+x86_64, r-oldrel-macos-x86_64, r-oldrel-windows-ix86+x86_64

Version: 3.3.1
Check: package dependencies
Result: NOTE
    Package suggested but not available for checking: 'survminer'
Flavor: r-devel-windows-x86_64-new-TK

Version: 3.3.1
Check: compiled code
Result: NOTE
    File ‘FRESA.CAD/libs/FRESA.CAD.so’:
     Found non-API call to R: ‘wilcox_free’
    
    Compiled code should not call non-API entry points in R.
    
    See ‘Writing portable packages’ in the ‘Writing R Extensions’ manual.
Flavors: r-release-macos-arm64, r-release-macos-x86_64, r-oldrel-macos-x86_64

Version: 3.3.1
Check: compiled code
Result: NOTE
    File 'FRESA.CAD/libs/i386/FRESA.CAD.dll':
     Found non-API call to R: 'wilcox_free'
    File 'FRESA.CAD/libs/x64/FRESA.CAD.dll':
     Found non-API call to R: 'wilcox_free'
    
    Compiled code should not call non-API entry points in R.
    
    See 'Writing portable packages' in the 'Writing R Extensions' manual.
Flavor: r-oldrel-windows-ix86+x86_64