CRAN Package Check Results for Package FactorsR

Last updated on 2022-08-19 23:51:38 CEST.

Flavor Version Tinstall Tcheck Ttotal Status Flags
r-devel-linux-x86_64-debian-clang 1.5 3.41 45.61 49.02 OK
r-devel-linux-x86_64-debian-gcc 1.5 2.93 34.94 37.87 OK
r-devel-linux-x86_64-fedora-clang 1.5 68.11 NOTE
r-devel-linux-x86_64-fedora-gcc 1.5 68.57 NOTE
r-devel-windows-x86_64 1.5 17.00 72.00 89.00 OK
r-patched-linux-x86_64 1.5 3.66 42.43 46.09 OK
r-release-linux-x86_64 1.5 OK
r-release-macos-arm64 1.5 20.00 NOTE
r-release-macos-x86_64 1.5 31.00 NOTE
r-release-windows-x86_64 1.5 14.00 70.00 84.00 OK
r-oldrel-macos-arm64 1.5 23.00 NOTE
r-oldrel-macos-x86_64 1.5 30.00 NOTE
r-oldrel-windows-ix86+x86_64 1.5 8.00 71.00 79.00 OK

Check Details

Version: 1.5
Check: Rd cross-references
Result: NOTE
    Undeclared package ‘SciViews’ in Rd xrefs
Flavor: r-devel-linux-x86_64-fedora-clang

Version: 1.5
Check: data for non-ASCII characters
Result: NOTE
     Note: found 5 marked Latin-1 strings
Flavors: r-devel-linux-x86_64-fedora-clang, r-devel-linux-x86_64-fedora-gcc, r-release-macos-arm64, r-release-macos-x86_64, r-oldrel-macos-arm64, r-oldrel-macos-x86_64