Last updated on 2022-05-16 13:50:14 CEST.
Flavor | Version | Tinstall | Tcheck | Ttotal | Status | Flags |
---|---|---|---|---|---|---|
r-devel-linux-x86_64-debian-clang | 2.2.0 | 47.95 | 52.52 | 100.47 | OK | |
r-devel-linux-x86_64-debian-gcc | 2.2.0 | 36.30 | 37.36 | 73.66 | OK | |
r-devel-linux-x86_64-fedora-clang | 2.2.0 | 142.38 | OK | |||
r-devel-linux-x86_64-fedora-gcc | 2.2.0 | 142.93 | OK | |||
r-devel-windows-x86_64 | 2.2.0 | 50.00 | 85.00 | 135.00 | OK | |
r-patched-linux-x86_64 | 2.2.0 | 41.30 | 63.45 | 104.75 | OK | |
r-release-linux-x86_64 | 2.2.0 | 39.11 | 63.20 | 102.31 | OK | |
r-release-macos-arm64 | 2.2.0 | 35.00 | OK | |||
r-release-macos-x86_64 | 2.2.0 | 46.00 | OK | |||
r-release-windows-x86_64 | 2.2.0 | 53.00 | 89.00 | 142.00 | OK | |
r-oldrel-macos-arm64 | 2.2.0 | 42.00 | NOTE | |||
r-oldrel-macos-x86_64 | 2.2.0 | 61.00 | OK | |||
r-oldrel-windows-ix86+x86_64 | 2.2.0 | 112.00 | 138.00 | 250.00 | OK |
Version: 2.2.0
Check: installed package size
Result: NOTE
installed size is 6.1Mb
sub-directories of 1Mb or more:
libs 5.9Mb
Flavor: r-oldrel-macos-arm64