CRAN Package Check Results for Package FastKM

Last updated on 2022-01-21 20:48:40 CET.

Flavor Version Tinstall Tcheck Ttotal Status Flags
r-devel-linux-x86_64-debian-clang 1.0 8.18 73.56 81.74 NOTE
r-devel-linux-x86_64-debian-gcc 1.0 6.65 57.27 63.92 NOTE
r-devel-linux-x86_64-fedora-clang 1.0 101.61 NOTE
r-devel-linux-x86_64-fedora-gcc 1.0 86.57 NOTE
r-devel-windows-x86_64-new-UL 1.0 17.00 89.00 106.00 NOTE
r-devel-windows-x86_64-new-TK 1.0 NOTE
r-patched-linux-x86_64 1.0 8.02 72.11 80.13 NOTE
r-release-linux-x86_64 1.0 5.93 73.47 79.40 NOTE
r-release-macos-arm64 1.0 NOTE
r-release-macos-x86_64 1.0 NOTE
r-release-windows-ix86+x86_64 1.0 17.00 86.00 103.00 NOTE
r-oldrel-macos-x86_64 1.0 NOTE
r-oldrel-windows-ix86+x86_64 1.0 17.00 83.00 100.00 NOTE

Check Details

Version: 1.0
Check: package dependencies
Result: NOTE
    Package suggested but not available for checking: 'coxKM'
Flavors: r-devel-linux-x86_64-debian-clang, r-devel-linux-x86_64-debian-gcc, r-devel-linux-x86_64-fedora-clang, r-devel-linux-x86_64-fedora-gcc, r-devel-windows-x86_64-new-UL, r-devel-windows-x86_64-new-TK, r-patched-linux-x86_64, r-release-linux-x86_64, r-release-macos-arm64, r-release-macos-x86_64, r-release-windows-ix86+x86_64, r-oldrel-macos-x86_64, r-oldrel-windows-ix86+x86_64