CRAN Package Check Results for Package FielDHub

Last updated on 2022-01-25 16:50:19 CET.

Flavor Version Tinstall Tcheck Ttotal Status Flags
r-devel-linux-x86_64-debian-clang 0.1.0 22.91 179.27 202.18 OK
r-devel-linux-x86_64-debian-gcc 0.1.0 19.03 139.04 158.07 OK
r-devel-linux-x86_64-fedora-clang 0.1.0 239.81 NOTE
r-devel-linux-x86_64-fedora-gcc 0.1.0 227.38 NOTE
r-devel-windows-x86_64-new-UL 0.1.0 99.00 203.00 302.00 OK
r-devel-windows-x86_64-new-TK 0.1.0 NOTE
r-patched-linux-x86_64 0.1.0 16.52 167.58 184.10 OK
r-release-linux-x86_64 0.1.0 16.51 165.20 181.71 OK
r-release-macos-arm64 0.1.0 NOTE
r-release-macos-x86_64 0.1.0 NOTE
r-release-windows-ix86+x86_64 0.1.0 45.00 184.00 229.00 OK
r-oldrel-macos-x86_64 0.1.0 NOTE
r-oldrel-windows-ix86+x86_64 0.1.0 44.00 180.00 224.00 OK

Check Details

Version: 0.1.0
Check: dependencies in R code
Result: NOTE
    Namespaces in Imports field not imported from:
     ‘attempt’ ‘glue’
     All declared Imports should be used.
Flavors: r-devel-linux-x86_64-fedora-clang, r-devel-linux-x86_64-fedora-gcc, r-devel-windows-x86_64-new-TK, r-release-macos-arm64, r-release-macos-x86_64, r-oldrel-macos-x86_64