CRAN Package Check Results for Package FieldSim

Last updated on 2022-05-19 11:54:18 CEST.

Flavor Version Tinstall Tcheck Ttotal Status Flags
r-devel-linux-x86_64-debian-clang 3.2.1 6.75 72.54 79.29 NOTE
r-devel-linux-x86_64-debian-gcc 3.2.1 5.80 52.42 58.22 NOTE
r-devel-linux-x86_64-fedora-clang 3.2.1 94.10 NOTE
r-devel-linux-x86_64-fedora-gcc 3.2.1 93.42 NOTE
r-devel-windows-x86_64 3.2.1 33.00 104.00 137.00 NOTE
r-patched-linux-x86_64 3.2.1 7.54 67.39 74.93 NOTE
r-release-linux-x86_64 3.2.1 7.38 68.61 75.99 NOTE
r-release-macos-arm64 3.2.1 27.00 NOTE
r-release-macos-x86_64 3.2.1 36.00 NOTE
r-release-windows-x86_64 3.2.1 20.00 85.00 105.00 NOTE
r-oldrel-macos-arm64 3.2.1 39.00 NOTE
r-oldrel-macos-x86_64 3.2.1 46.00 NOTE
r-oldrel-windows-ix86+x86_64 3.2.1 15.00 82.00 97.00 NOTE

Check Details

Version: 3.2.1
Check: R code for possible problems
Result: NOTE
    fieldsim: no visible global function definition for 'rnorm'
    midpoint: no visible global function definition for 'rnorm'
    setAtlas_under: no visible global function definition for 'runif'
    setCovf_under : Ibeta: no visible global function definition for
     'pbeta'
    visualize: no visible global function definition for 'colorRampPalette'
    Undefined global functions or variables:
     colorRampPalette pbeta rnorm runif
    Consider adding
     importFrom("grDevices", "colorRampPalette")
     importFrom("stats", "pbeta", "rnorm", "runif")
    to your NAMESPACE file.
Flavors: r-devel-linux-x86_64-debian-clang, r-devel-linux-x86_64-debian-gcc, r-devel-linux-x86_64-fedora-clang, r-devel-linux-x86_64-fedora-gcc, r-devel-windows-x86_64, r-patched-linux-x86_64, r-release-linux-x86_64, r-release-macos-arm64, r-release-macos-x86_64, r-release-windows-x86_64, r-oldrel-macos-arm64, r-oldrel-macos-x86_64, r-oldrel-windows-ix86+x86_64