CRAN Package Check Results for Package Fiscore

Last updated on 2022-05-19 06:58:16 CEST.

Flavor Version Tinstall Tcheck Ttotal Status Flags
r-devel-linux-x86_64-debian-clang 0.1.3 4.99 78.82 83.81 OK
r-devel-linux-x86_64-debian-gcc 0.1.3 3.32 58.47 61.79 OK
r-devel-linux-x86_64-fedora-clang 0.1.3 97.89 NOTE
r-devel-linux-x86_64-fedora-gcc 0.1.3 95.29 NOTE
r-devel-windows-x86_64 0.1.3 17.00 104.00 121.00 NOTE
r-patched-linux-x86_64 0.1.3 3.69 75.52 79.21 OK
r-release-linux-x86_64 0.1.3 2.65 76.22 78.87 OK
r-release-macos-arm64 0.1.3 35.00 NOTE
r-release-macos-x86_64 0.1.3 51.00 NOTE
r-release-windows-x86_64 0.1.3 22.00 106.00 128.00 NOTE
r-oldrel-macos-arm64 0.1.3 210.00 NOTE
r-oldrel-macos-x86_64 0.1.3 59.00 NOTE
r-oldrel-windows-ix86+x86_64 0.1.3 10.00 99.00 109.00 NOTE

Check Details

Version: 0.1.3
Check: installed package size
Result: NOTE
     installed size is 6.8Mb
     sub-directories of 1Mb or more:
     doc 5.8Mb
Flavors: r-devel-linux-x86_64-fedora-clang, r-devel-windows-x86_64, r-release-macos-arm64, r-release-macos-x86_64, r-release-windows-x86_64, r-oldrel-macos-arm64, r-oldrel-macos-x86_64, r-oldrel-windows-ix86+x86_64

Version: 0.1.3
Check: dependencies in R code
Result: NOTE
    Namespaces in Imports field not imported from:
     ‘knitr’ ‘rmarkdown’
     All declared Imports should be used.
Flavors: r-devel-linux-x86_64-fedora-clang, r-devel-linux-x86_64-fedora-gcc, r-release-macos-arm64, r-release-macos-x86_64, r-oldrel-macos-arm64, r-oldrel-macos-x86_64