Last updated on 2022-05-22 17:50:41 CEST.
Flavor | Version | Tinstall | Tcheck | Ttotal | Status | Flags |
---|---|---|---|---|---|---|
r-devel-linux-x86_64-debian-clang | 1.1.0 | 22.00 | 130.19 | 152.19 | OK | |
r-devel-linux-x86_64-debian-gcc | 1.1.0 | 19.21 | 94.88 | 114.09 | OK | |
r-devel-linux-x86_64-fedora-clang | 1.1.0 | 185.63 | NOTE | |||
r-devel-linux-x86_64-fedora-gcc | 1.1.0 | 184.34 | OK | |||
r-devel-windows-x86_64 | 1.1.0 | 52.00 | 136.00 | 188.00 | NOTE | |
r-patched-linux-x86_64 | 1.1.0 | 22.66 | 122.19 | 144.85 | OK | |
r-release-linux-x86_64 | 1.1.0 | 17.32 | 122.20 | 139.52 | OK | |
r-release-macos-arm64 | 1.1.0 | 44.00 | NOTE | |||
r-release-macos-x86_64 | 1.1.0 | 80.00 | NOTE | |||
r-release-windows-x86_64 | 1.1.0 | 44.00 | 140.00 | 184.00 | NOTE | |
r-oldrel-macos-arm64 | 1.1.0 | 54.00 | NOTE | |||
r-oldrel-macos-x86_64 | 1.1.0 | 88.00 | NOTE | |||
r-oldrel-windows-ix86+x86_64 | 1.1.0 | 38.00 | 130.00 | 168.00 | NOTE |
Version: 1.1.0
Check: installed package size
Result: NOTE
installed size is 5.6Mb
sub-directories of 1Mb or more:
data 1.4Mb
extdata 3.8Mb
Flavors: r-devel-linux-x86_64-fedora-clang, r-devel-windows-x86_64, r-release-macos-arm64, r-release-macos-x86_64, r-release-windows-x86_64, r-oldrel-macos-arm64, r-oldrel-macos-x86_64, r-oldrel-windows-ix86+x86_64