CRAN Package Check Results for Package FlexGAM

Last updated on 2022-05-18 16:49:49 CEST.

Flavor Version Tinstall Tcheck Ttotal Status Flags
r-devel-linux-x86_64-debian-clang 0.7.2 8.20 92.96 101.16 NOTE
r-devel-linux-x86_64-debian-gcc 0.7.2 7.60 69.43 77.03 NOTE
r-devel-linux-x86_64-fedora-clang 0.7.2 120.45 NOTE
r-devel-linux-x86_64-fedora-gcc 0.7.2 118.58 NOTE
r-devel-windows-x86_64 0.7.2 18.00 106.00 124.00 NOTE
r-patched-linux-x86_64 0.7.2 11.14 85.87 97.01 NOTE
r-release-linux-x86_64 0.7.2 10.76 88.97 99.73 NOTE
r-release-macos-arm64 0.7.2 29.00 NOTE
r-release-macos-x86_64 0.7.2 48.00 NOTE
r-release-windows-x86_64 0.7.2 15.00 103.00 118.00 NOTE
r-oldrel-macos-arm64 0.7.2 39.00 NOTE
r-oldrel-macos-x86_64 0.7.2 63.00 NOTE
r-oldrel-windows-ix86+x86_64 0.7.2 20.00 97.00 117.00 NOTE

Check Details

Version: 0.7.2
Check: LazyData
Result: NOTE
     'LazyData' is specified without a 'data' directory
Flavors: r-devel-linux-x86_64-debian-clang, r-devel-linux-x86_64-debian-gcc, r-devel-linux-x86_64-fedora-clang, r-devel-linux-x86_64-fedora-gcc, r-devel-windows-x86_64, r-patched-linux-x86_64, r-release-linux-x86_64, r-release-macos-arm64, r-release-macos-x86_64, r-release-windows-x86_64, r-oldrel-macos-arm64, r-oldrel-macos-x86_64, r-oldrel-windows-ix86+x86_64