CRAN Package Check Results for Package GALLO

Last updated on 2022-05-20 14:52:28 CEST.

Flavor Version Tinstall Tcheck Ttotal Status Flags
r-devel-linux-x86_64-debian-clang 1.3 9.94 139.49 149.43 OK
r-devel-linux-x86_64-debian-gcc 1.3 8.01 97.89 105.90 OK
r-devel-linux-x86_64-fedora-clang 1.3 176.25 NOTE
r-devel-linux-x86_64-fedora-gcc 1.3 176.80 NOTE
r-devel-windows-x86_64 1.3 23.00 157.00 180.00 OK
r-patched-linux-x86_64 1.3 8.89 127.96 136.85 OK
r-release-linux-x86_64 1.3 6.02 126.90 132.92 OK
r-release-macos-arm64 1.3 56.00 NOTE
r-release-macos-x86_64 1.3 92.00 NOTE
r-release-windows-x86_64 1.3 22.00 160.00 182.00 OK
r-oldrel-macos-arm64 1.3 46.00 NOTE
r-oldrel-macos-x86_64 1.3 87.00 NOTE
r-oldrel-windows-ix86+x86_64 1.3 22.00 148.00 170.00 OK

Check Details

Version: 1.3
Check: dependencies in R code
Result: NOTE
    Namespaces in Imports field not imported from:
     ‘DT’ ‘webshot’
     All declared Imports should be used.
Flavors: r-devel-linux-x86_64-fedora-clang, r-devel-linux-x86_64-fedora-gcc, r-release-macos-arm64, r-release-macos-x86_64, r-oldrel-macos-arm64, r-oldrel-macos-x86_64