Last updated on 2022-05-28 18:51:14 CEST.
Flavor | Version | Tinstall | Tcheck | Ttotal | Status | Flags |
---|---|---|---|---|---|---|
r-devel-linux-x86_64-debian-clang | 3.1.0 | 3.89 | 68.50 | 72.39 | OK | |
r-devel-linux-x86_64-debian-gcc | 3.1.0 | 3.55 | 49.66 | 53.21 | OK | |
r-devel-linux-x86_64-fedora-clang | 3.1.0 | 90.75 | NOTE | |||
r-devel-linux-x86_64-fedora-gcc | 3.1.0 | 89.51 | NOTE | |||
r-devel-windows-x86_64 | 3.1.0 | 17.00 | 98.00 | 115.00 | OK | |
r-patched-linux-x86_64 | 3.1.0 | 5.07 | 63.62 | 68.69 | OK | |
r-release-linux-x86_64 | 3.1.0 | 3.28 | 64.60 | 67.88 | OK | |
r-release-macos-arm64 | 3.1.0 | 26.00 | NOTE | |||
r-release-macos-x86_64 | 3.1.0 | 43.00 | NOTE | |||
r-release-windows-x86_64 | 3.1.0 | 21.00 | 101.00 | 122.00 | OK | |
r-oldrel-macos-arm64 | 3.1.0 | 28.00 | NOTE | |||
r-oldrel-macos-x86_64 | 3.1.0 | 36.00 | NOTE | |||
r-oldrel-windows-ix86+x86_64 | 3.1.0 | 10.00 | 97.00 | 107.00 | OK |
Version: 3.1.0
Check: dependencies in R code
Result: NOTE
Namespaces in Imports field not imported from:
‘Rcpp’ ‘arm’ ‘usethis’
All declared Imports should be used.
Flavors: r-devel-linux-x86_64-fedora-clang, r-devel-linux-x86_64-fedora-gcc, r-release-macos-arm64, r-release-macos-x86_64, r-oldrel-macos-arm64, r-oldrel-macos-x86_64