CRAN Package Check Results for Package GD

Last updated on 2022-06-28 14:51:07 CEST.

Flavor Version Tinstall Tcheck Ttotal Status Flags
r-devel-linux-x86_64-debian-clang 1.10 4.21 34.13 38.34 OK
r-devel-linux-x86_64-debian-gcc 1.10 3.62 26.14 29.76 OK
r-devel-linux-x86_64-fedora-clang 1.10 58.43 NOTE
r-devel-linux-x86_64-fedora-gcc 1.10 56.45 NOTE
r-devel-windows-x86_64 1.10 17.00 67.00 84.00 OK
r-patched-linux-x86_64 1.10 3.46 33.01 36.47 OK
r-release-linux-x86_64 1.10 4.76 32.95 37.71 OK
r-release-macos-arm64 1.10 21.00 NOTE
r-release-macos-x86_64 1.10 40.00 NOTE
r-release-windows-x86_64 1.10 13.00 64.00 77.00 OK
r-oldrel-macos-arm64 1.10 26.00 NOTE
r-oldrel-macos-x86_64 1.10 31.00 NOTE
r-oldrel-windows-ix86+x86_64 1.10 10.00 60.00 70.00 OK

Check Details

Version: 1.10
Check: dependencies in R code
Result: NOTE
    Namespace in Imports field not imported from: ‘badger’
     All declared Imports should be used.
Flavors: r-devel-linux-x86_64-fedora-clang, r-devel-linux-x86_64-fedora-gcc, r-release-macos-arm64, r-release-macos-x86_64, r-oldrel-macos-arm64, r-oldrel-macos-x86_64