CRAN Package Check Results for Package GGIR

Last updated on 2022-05-28 07:55:58 CEST.

Flavor Version Tinstall Tcheck Ttotal Status Flags
r-devel-linux-x86_64-debian-clang 2.7-0 60.61 213.03 273.64 OK
r-devel-linux-x86_64-debian-gcc 2.7-0 46.42 154.41 200.83 OK
r-devel-linux-x86_64-fedora-clang 2.7-0 253.33 NOTE
r-devel-linux-x86_64-fedora-gcc 2.7-0 260.10 OK
r-devel-windows-x86_64 2.7-0 105.00 274.00 379.00 NOTE
r-patched-linux-x86_64 2.7-0 60.02 201.03 261.05 OK
r-release-linux-x86_64 2.7-0 55.34 200.30 255.64 OK
r-release-macos-arm64 2.7-0 118.00 ERROR
r-release-macos-x86_64 2.7-0 129.00 NOTE
r-release-windows-x86_64 2.7-0 102.00 268.00 370.00 NOTE
r-oldrel-macos-arm64 95.00 ERROR
r-oldrel-macos-x86_64 2.7-0 124.00 NOTE
r-oldrel-windows-ix86+x86_64 2.7-0 131.00 373.00 504.00 NOTE

Check Details

Version: 2.7-0
Check: installed package size
Result: NOTE
     installed size is 7.5Mb
     sub-directories of 1Mb or more:
     doc 3.7Mb
     libs 1.0Mb
Flavors: r-devel-linux-x86_64-fedora-clang, r-devel-windows-x86_64, r-release-macos-arm64, r-release-macos-x86_64, r-release-windows-x86_64, r-oldrel-macos-arm64, r-oldrel-macos-x86_64, r-oldrel-windows-ix86+x86_64

Version: 2.7-0
Check: tests
Result: ERROR
     Running ‘testthat.R’ [20s/34s]
    Running the tests in ‘tests/testthat.R’ failed.
    Last 13 lines of output:
     ── Failure (test_gloadlog.R:45:3): gloadlog is able to load different log formats ──
     logs3$sleeplog$sleeponset not equal to c("23:0:5", "23:0:6", "23:0:7").
     Lengths differ: 2 is not 3
     ── Failure (test_gloadlog.R:46:3): gloadlog is able to load different log formats ──
     nrow(logs3$nonwearlog) not equal to 3.
     1/1 mismatches
     [1] 2 - 3 == -1
     ── Failure (test_gloadlog.R:48:3): gloadlog is able to load different log formats ──
     nrow(logs3$naplog) not equal to 3.
     1/1 mismatches
     [1] 2 - 3 == -1
    
     [ FAIL 11 | WARN 0 | SKIP 13 | PASS 174 ]
     Error: Test failures
     Execution halted
Flavor: r-release-macos-arm64

Version: 2.7-0
Check: tests
Result: ERROR
     Running ‘testthat.R’ [17s/18s]
    Running the tests in ‘tests/testthat.R’ failed.
    Last 13 lines of output:
     ── Failure (test_gloadlog.R:45:3): gloadlog is able to load different log formats ──
     logs3$sleeplog$sleeponset not equal to c("23:0:5", "23:0:6", "23:0:7").
     Lengths differ: 2 is not 3
     ── Failure (test_gloadlog.R:46:3): gloadlog is able to load different log formats ──
     nrow(logs3$nonwearlog) not equal to 3.
     1/1 mismatches
     [1] 2 - 3 == -1
     ── Failure (test_gloadlog.R:48:3): gloadlog is able to load different log formats ──
     nrow(logs3$naplog) not equal to 3.
     1/1 mismatches
     [1] 2 - 3 == -1
    
     [ FAIL 11 | WARN 0 | SKIP 13 | PASS 174 ]
     Error: Test failures
     Execution halted
Flavor: r-oldrel-macos-arm64