Last updated on 2022-05-24 02:52:39 CEST.
Flavor | Version | Tinstall | Tcheck | Ttotal | Status | Flags |
---|---|---|---|---|---|---|
r-devel-linux-x86_64-debian-clang | 0.7 | 2.62 | 31.68 | 34.30 | OK | |
r-devel-linux-x86_64-debian-gcc | 0.7 | 2.23 | 24.89 | 27.12 | OK | |
r-devel-linux-x86_64-fedora-clang | 0.7 | 44.07 | NOTE | |||
r-devel-linux-x86_64-fedora-gcc | 0.7 | 43.10 | OK | |||
r-devel-windows-x86_64 | 0.7 | 14.00 | 45.00 | 59.00 | OK | |
r-patched-linux-x86_64 | 0.7 | 2.75 | 31.16 | 33.91 | OK | |
r-release-linux-x86_64 | 0.7 | OK | ||||
r-release-macos-arm64 | 0.7 | 15.00 | OK | |||
r-release-macos-x86_64 | 0.7 | 22.00 | OK | |||
r-release-windows-x86_64 | 0.7 | 16.00 | 43.00 | 59.00 | OK | |
r-oldrel-macos-arm64 | 0.7 | 18.00 | OK | |||
r-oldrel-macos-x86_64 | 0.7 | 23.00 | OK | |||
r-oldrel-windows-ix86+x86_64 | 0.7 | 11.00 | 47.00 | 58.00 | OK |
Version: 0.7
Check: Rd cross-references
Result: NOTE
Undeclared package ‘Runuran’ in Rd xrefs
Flavor: r-devel-linux-x86_64-fedora-clang