CRAN Package Check Results for Package GInSARCorW

Last updated on 2022-05-23 06:49:48 CEST.

Flavor Version Tinstall Tcheck Ttotal Status Flags
r-devel-linux-x86_64-debian-clang 1.15.6 31.53 259.79 291.32 NOTE
r-devel-linux-x86_64-debian-gcc 1.15.6 25.40 193.07 218.47 NOTE
r-devel-linux-x86_64-fedora-clang 1.15.6 366.57 NOTE
r-devel-linux-x86_64-fedora-gcc 1.15.6 360.05 NOTE
r-devel-windows-x86_64 1.15.6 35.00 250.00 285.00 NOTE
r-patched-linux-x86_64 1.15.6 27.42 252.70 280.12 NOTE
r-release-linux-x86_64 1.15.6 NOTE
r-release-macos-arm64 1.15.6 71.00 NOTE
r-release-macos-x86_64 1.15.6 104.00 NOTE
r-release-windows-x86_64 1.15.6 42.00 252.00 294.00 NOTE
r-oldrel-macos-arm64 1.15.6 44.00 NOTE
r-oldrel-macos-x86_64 1.15.6 78.00 NOTE
r-oldrel-windows-ix86+x86_64 1.15.6 61.00 250.00 311.00 NOTE

Check Details

Version: 1.15.6
Check: LazyData
Result: NOTE
     'LazyData' is specified without a 'data' directory
Flavors: r-devel-linux-x86_64-debian-clang, r-devel-linux-x86_64-debian-gcc, r-devel-linux-x86_64-fedora-clang, r-devel-linux-x86_64-fedora-gcc, r-devel-windows-x86_64, r-patched-linux-x86_64, r-release-linux-x86_64, r-release-macos-arm64, r-release-macos-x86_64, r-release-windows-x86_64, r-oldrel-macos-arm64, r-oldrel-macos-x86_64, r-oldrel-windows-ix86+x86_64