CRAN Package Check Results for Package GMPro

Last updated on 2022-05-19 12:55:29 CEST.

Flavor Version Tinstall Tcheck Ttotal Status Flags
r-devel-linux-x86_64-debian-clang 0.1.0 4.81 70.40 75.21 NOTE
r-devel-linux-x86_64-debian-gcc 0.1.0 3.11 52.13 55.24 NOTE
r-devel-linux-x86_64-fedora-clang 0.1.0 91.91 NOTE
r-devel-linux-x86_64-fedora-gcc 0.1.0 85.64 NOTE
r-devel-windows-x86_64 0.1.0 9.00 83.00 92.00 NOTE
r-patched-linux-x86_64 0.1.0 4.05 66.69 70.74 NOTE
r-release-linux-x86_64 0.1.0 4.05 66.00 70.05 NOTE
r-release-macos-arm64 0.1.0 27.00 NOTE
r-release-macos-x86_64 0.1.0 37.00 NOTE
r-release-windows-x86_64 0.1.0 10.00 86.00 96.00 NOTE
r-oldrel-macos-arm64 0.1.0 33.00 NOTE
r-oldrel-macos-x86_64 0.1.0 59.00 NOTE
r-oldrel-windows-ix86+x86_64 0.1.0 9.00 83.00 92.00 NOTE

Check Details

Version: 0.1.0
Check: LazyData
Result: NOTE
     'LazyData' is specified without a 'data' directory
Flavors: r-devel-linux-x86_64-debian-clang, r-devel-linux-x86_64-debian-gcc, r-devel-linux-x86_64-fedora-clang, r-devel-linux-x86_64-fedora-gcc, r-devel-windows-x86_64, r-patched-linux-x86_64, r-release-linux-x86_64, r-release-macos-arm64, r-release-macos-x86_64, r-release-windows-x86_64, r-oldrel-macos-arm64, r-oldrel-macos-x86_64, r-oldrel-windows-ix86+x86_64