Last updated on 2023-02-09 11:54:47 CET.
Flavor | Version | Tinstall | Tcheck | Ttotal | Status | Flags |
---|---|---|---|---|---|---|
r-devel-linux-x86_64-debian-clang | 0.3.4 | 6.66 | 55.42 | 62.08 | OK | |
r-devel-linux-x86_64-debian-gcc | 0.3.4 | 4.57 | 42.60 | 47.17 | OK | |
r-devel-linux-x86_64-fedora-clang | 0.3.4 | 72.07 | NOTE | |||
r-devel-linux-x86_64-fedora-gcc | 0.3.4 | 88.12 | NOTE | |||
r-devel-windows-x86_64 | 0.3.4 | 16.00 | 100.00 | 116.00 | OK | |
r-patched-linux-x86_64 | 0.3.4 | 6.09 | 55.05 | 61.14 | OK | |
r-release-linux-x86_64 | 0.3.4 | 5.05 | 55.86 | 60.91 | OK | |
r-release-macos-arm64 | 0.3.4 | 59.00 | NOTE | |||
r-release-macos-x86_64 | 0.3.4 | 69.00 | NOTE | |||
r-release-windows-x86_64 | 0.3.4 | 25.00 | 119.00 | 144.00 | OK | |
r-oldrel-macos-arm64 | 0.3.4 | 70.00 | NOTE | |||
r-oldrel-macos-x86_64 | 0.3.4 | 66.00 | NOTE | |||
r-oldrel-windows-ix86+x86_64 | 0.3.4 | 8.00 | 97.00 | 105.00 | OK |
Version: 0.3.4
Check: data for non-ASCII characters
Result: NOTE
Note: found 3 marked UTF-8 strings
Flavors: r-devel-linux-x86_64-fedora-clang, r-devel-linux-x86_64-fedora-gcc, r-release-macos-arm64, r-release-macos-x86_64, r-oldrel-macos-arm64, r-oldrel-macos-x86_64