Last updated on 2022-06-27 09:50:15 CEST.
Flavor | Version | Tinstall | Tcheck | Ttotal | Status | Flags |
---|---|---|---|---|---|---|
r-devel-linux-x86_64-debian-clang | 1.03.2 | 3.67 | 31.64 | 35.31 | OK | |
r-devel-linux-x86_64-debian-gcc | 1.03.2 | 2.61 | 24.00 | 26.61 | OK | |
r-devel-linux-x86_64-fedora-clang | 1.03.2 | 53.60 | OK | |||
r-devel-linux-x86_64-fedora-gcc | 1.03.2 | 51.91 | OK | |||
r-devel-windows-x86_64 | 1.03.2 | 14.00 | 53.00 | 67.00 | OK | |
r-patched-linux-x86_64 | 1.03.2 | 2.60 | 30.26 | 32.86 | OK | |
r-release-linux-x86_64 | 1.03.2 | 2.37 | 30.37 | 32.74 | OK | |
r-release-macos-arm64 | 1.03.2 | 17.00 | NOTE | |||
r-release-macos-x86_64 | 1.03.2 | 25.00 | OK | |||
r-release-windows-x86_64 | 1.03.2 | 7.00 | 54.00 | 61.00 | OK | |
r-oldrel-macos-arm64 | 1.03.2 | 19.00 | OK | |||
r-oldrel-macos-x86_64 | 1.03.2 | 25.00 | OK | |||
r-oldrel-windows-ix86+x86_64 | 1.03.2 | 6.00 | 50.00 | 56.00 | OK |
Version: 1.03.2
Check: package dependencies
Result: NOTE
Package suggested but not available for checking: ‘impute’
Flavor: r-release-macos-arm64