CRAN Package Check Results for Package GSAgm

Last updated on 2022-01-21 19:48:37 CET.

Flavor Version Tinstall Tcheck Ttotal Status Flags
r-devel-linux-x86_64-debian-clang 1.0 9.88 85.53 95.41 NOTE
r-devel-linux-x86_64-debian-gcc 1.0 8.45 64.33 72.78 NOTE
r-devel-linux-x86_64-fedora-clang 1.0 112.70 NOTE
r-devel-linux-x86_64-fedora-gcc 1.0 101.94 NOTE
r-devel-windows-x86_64-new-UL 1.0 18.00 106.00 124.00 NOTE
r-devel-windows-x86_64-new-TK 1.0 NOTE
r-patched-linux-x86_64 1.0 7.79 81.62 89.41 NOTE
r-release-linux-x86_64 1.0 8.62 81.03 89.65 NOTE
r-release-macos-arm64 1.0 NOTE
r-release-macos-x86_64 1.0 NOTE
r-release-windows-ix86+x86_64 1.0 20.00 95.00 115.00 NOTE
r-oldrel-macos-x86_64 1.0 NOTE
r-oldrel-windows-ix86+x86_64 1.0 20.00 98.00 118.00 NOTE

Check Details

Version: 1.0
Check: R code for possible problems
Result: NOTE
    PCgamma : <anonymous>: no visible global function definition for
     'prcomp'
    PCgamma : <anonymous> : <anonymous>: no visible global function
     definition for 'glm'
    PCgamma : <anonymous> : <anonymous>: no visible global function
     definition for 'update'
    PCgamma : <anonymous> : <anonymous>: no visible global function
     definition for 'pchisq'
    PCgamma : <anonymous> : <anonymous>: no visible global function
     definition for 'lm'
    PCgamma : <anonymous> : <anonymous>: no visible global function
     definition for 'anova'
    PCgamma: no visible global function definition for 'qgamma'
    PCgamma: no visible global function definition for 'pgamma'
    RNAgamma : rnafunc: no visible global function definition for
     'model.matrix'
    RNAgamma : rnafunc: no visible global function definition for
     'as.formula'
    RNAgamma: no visible global function definition for 'qgamma'
    RNAgamma: no visible global function definition for 'pgamma'
    STTtoShapeParameter : f: no visible global function definition for
     'qgamma'
    STTtoShapeParameter: no visible global function definition for
     'optimize'
    Undefined global functions or variables:
     anova as.formula glm lm model.matrix optimize pchisq pgamma prcomp
     qgamma update
    Consider adding
     importFrom("stats", "anova", "as.formula", "glm", "lm", "model.matrix",
     "optimize", "pchisq", "pgamma", "prcomp", "qgamma",
     "update")
    to your NAMESPACE file.
Flavors: r-devel-linux-x86_64-debian-clang, r-devel-linux-x86_64-debian-gcc, r-devel-linux-x86_64-fedora-clang, r-devel-linux-x86_64-fedora-gcc, r-devel-windows-x86_64-new-UL, r-devel-windows-x86_64-new-TK, r-patched-linux-x86_64, r-release-linux-x86_64, r-release-macos-arm64, r-release-macos-x86_64, r-release-windows-ix86+x86_64, r-oldrel-macos-x86_64, r-oldrel-windows-ix86+x86_64