CRAN Package Check Results for Package GWI

Last updated on 2024-04-19 03:56:23 CEST.

Flavor Version Tinstall Tcheck Ttotal Status Flags
r-devel-linux-x86_64-debian-clang 1.0.2 1.58 22.02 23.60 NOTE
r-devel-linux-x86_64-debian-gcc 1.0.2 1.62 17.13 18.75 NOTE
r-devel-linux-x86_64-fedora-clang 1.0.2 30.29 NOTE
r-devel-linux-x86_64-fedora-gcc 1.0.2 28.74 NOTE
r-prerel-macos-arm64 1.0.2 14.00 NOTE
r-prerel-windows-x86_64 1.0.2 2.00 36.00 38.00 NOTE
r-patched-linux-x86_64 1.0.2 1.92 22.02 23.94 NOTE
r-release-linux-x86_64 1.0.2 1.30 21.99 23.29 NOTE
r-release-macos-arm64 1.0.2 16.00 NOTE
r-release-macos-x86_64 1.0.2 19.00 NOTE
r-release-windows-x86_64 1.0.2 4.00 36.00 40.00 NOTE
r-oldrel-macos-arm64 1.0.2 15.00 NOTE
r-oldrel-windows-x86_64 1.0.2 7.00 42.00 49.00 NOTE

Check Details

Version: 1.0.2
Check: LazyData
Result: NOTE 'LazyData' is specified without a 'data' directory Flavors: r-devel-linux-x86_64-debian-clang, r-devel-linux-x86_64-debian-gcc, r-devel-linux-x86_64-fedora-clang, r-devel-linux-x86_64-fedora-gcc, r-prerel-macos-arm64, r-prerel-windows-x86_64, r-patched-linux-x86_64, r-release-linux-x86_64, r-release-macos-arm64, r-release-macos-x86_64, r-release-windows-x86_64, r-oldrel-macos-arm64, r-oldrel-windows-x86_64