CRAN Package Check Results for Package GeNetIt

Last updated on 2022-05-19 05:51:54 CEST.

Flavor Version Tinstall Tcheck Ttotal Status Flags
r-devel-linux-x86_64-debian-clang 0.1-4 4.63 65.72 70.35 OK
r-devel-linux-x86_64-debian-gcc 0.1-4 4.37 49.80 54.17 OK
r-devel-linux-x86_64-fedora-clang 0.1-4 86.33 NOTE
r-devel-linux-x86_64-fedora-gcc 0.1-4 88.39 NOTE
r-devel-windows-x86_64 0.1-4 19.00 81.00 100.00 OK
r-patched-linux-x86_64 0.1-4 5.26 63.10 68.36 OK
r-release-linux-x86_64 0.1-4 5.16 63.24 68.40 OK
r-release-macos-arm64 0.1-4 26.00 NOTE
r-release-macos-x86_64 0.1-4 35.00 NOTE
r-release-windows-x86_64 0.1-4 20.00 82.00 102.00 OK
r-oldrel-macos-arm64 0.1-4 28.00 NOTE
r-oldrel-macos-x86_64 0.1-4 37.00 NOTE
r-oldrel-windows-ix86+x86_64 0.1-4 10.00 77.00 87.00 OK

Additional issues

donttest

Check Details

Version: 0.1-4
Check: dependencies in R code
Result: NOTE
    Namespace in Imports field not imported from: ‘rgeos’
     All declared Imports should be used.
Flavors: r-devel-linux-x86_64-fedora-clang, r-devel-linux-x86_64-fedora-gcc, r-release-macos-arm64, r-release-macos-x86_64, r-oldrel-macos-arm64, r-oldrel-macos-x86_64