Last updated on 2022-05-26 12:53:39 CEST.
Flavor | Version | Tinstall | Tcheck | Ttotal | Status | Flags |
---|---|---|---|---|---|---|
r-devel-linux-x86_64-debian-clang | 1.1 | 2.34 | 34.51 | 36.85 | NOTE | |
r-devel-linux-x86_64-debian-gcc | 1.1 | 1.65 | 29.21 | 30.86 | NOTE | |
r-devel-linux-x86_64-fedora-clang | 1.1 | 45.44 | NOTE | |||
r-devel-linux-x86_64-fedora-gcc | 1.1 | 44.32 | OK | |||
r-devel-windows-x86_64 | 1.1 | 22.00 | 52.00 | 74.00 | OK | |
r-patched-linux-x86_64 | 1.1 | 1.91 | 33.00 | 34.91 | OK | |
r-release-linux-x86_64 | 1.1 | OK | ||||
r-release-macos-arm64 | 1.1 | 15.00 | OK | |||
r-release-macos-x86_64 | 1.1 | 23.00 | OK | |||
r-release-windows-x86_64 | 1.1 | 6.00 | 50.00 | 56.00 | OK | |
r-oldrel-macos-arm64 | 1.1 | 19.00 | OK | |||
r-oldrel-macos-x86_64 | 1.1 | 28.00 | OK | |||
r-oldrel-windows-ix86+x86_64 | 1.1 | 4.00 | 41.00 | 45.00 | OK |
Version: 1.1
Check: HTML version of manual
Result: NOTE
Found the following problems:
GenBinom-package.Rd:40:48: Warning: trimming empty <code>
dgbinom.Rd:90:54: Warning: trimming empty <code>
Flavors: r-devel-linux-x86_64-debian-clang, r-devel-linux-x86_64-debian-gcc
Version: 1.1
Check: Rd cross-references
Result: NOTE
Undeclared package ‘poibin’ in Rd xrefs
Flavor: r-devel-linux-x86_64-fedora-clang