CRAN Package Check Results for Package GeodRegr

Last updated on 2022-05-18 16:49:49 CEST.

Flavor Version Tinstall Tcheck Ttotal Status Flags
r-devel-linux-x86_64-debian-clang 0.2.0 4.78 47.28 52.06 OK
r-devel-linux-x86_64-debian-gcc 0.2.0 4.10 34.91 39.01 OK
r-devel-linux-x86_64-fedora-clang 0.2.0 62.84 NOTE
r-devel-linux-x86_64-fedora-gcc 0.2.0 63.18 OK
r-devel-windows-x86_64 0.2.0 30.00 63.00 93.00 OK
r-patched-linux-x86_64 0.2.0 4.44 45.53 49.97 OK
r-release-linux-x86_64 0.2.0 4.12 45.60 49.72 OK
r-release-macos-arm64 0.2.0 18.00 OK
r-release-macos-x86_64 0.2.0 26.00 OK
r-release-windows-x86_64 0.2.0 24.00 61.00 85.00 OK
r-oldrel-macos-arm64 0.2.0 29.00 OK
r-oldrel-macos-x86_64 0.2.0 25.00 OK
r-oldrel-windows-ix86+x86_64 0.2.0 9.00 53.00 62.00 OK

Check Details

Version: 0.2.0
Check: Rd cross-references
Result: NOTE
    Undeclared package ‘RiemBase’ in Rd xrefs
Flavor: r-devel-linux-x86_64-fedora-clang