Last updated on 2022-05-18 09:54:02 CEST.
Flavor | Version | Tinstall | Tcheck | Ttotal | Status | Flags |
---|---|---|---|---|---|---|
r-devel-linux-x86_64-debian-clang | 1.4 | 3.06 | 51.39 | 54.45 | NOTE | |
r-devel-linux-x86_64-debian-gcc | 1.4 | 2.41 | 39.01 | 41.42 | NOTE | |
r-devel-linux-x86_64-fedora-clang | 1.4 | 64.44 | NOTE | |||
r-devel-linux-x86_64-fedora-gcc | 1.4 | 64.02 | NOTE | |||
r-devel-windows-x86_64 | 1.4 | 24.00 | 72.00 | 96.00 | NOTE | |
r-patched-linux-x86_64 | 1.4 | 2.23 | 49.29 | 51.52 | NOTE | |
r-release-linux-x86_64 | 1.4 | 1.93 | 50.05 | 51.98 | NOTE | |
r-release-macos-arm64 | 1.4 | 22.00 | NOTE | |||
r-release-macos-x86_64 | 1.4 | 42.00 | NOTE | |||
r-release-windows-x86_64 | 1.4 | 30.00 | 72.00 | 102.00 | NOTE | |
r-oldrel-macos-arm64 | 1.4 | 26.00 | NOTE | |||
r-oldrel-macos-x86_64 | 1.4 | 33.00 | NOTE | |||
r-oldrel-windows-ix86+x86_64 | 1.4 | 7.00 | 71.00 | 78.00 | NOTE |
Version: 1.4
Check: LazyData
Result: NOTE
'LazyData' is specified without a 'data' directory
Flavors: r-devel-linux-x86_64-debian-clang, r-devel-linux-x86_64-debian-gcc, r-devel-linux-x86_64-fedora-clang, r-devel-linux-x86_64-fedora-gcc, r-devel-windows-x86_64, r-patched-linux-x86_64, r-release-linux-x86_64, r-release-macos-arm64, r-release-macos-x86_64, r-release-windows-x86_64, r-oldrel-macos-arm64, r-oldrel-macos-x86_64, r-oldrel-windows-ix86+x86_64