Last updated on 2022-05-16 12:55:01 CEST.
Flavor | Version | Tinstall | Tcheck | Ttotal | Status | Flags |
---|---|---|---|---|---|---|
r-devel-linux-x86_64-debian-clang | 0.1.0 | 35.25 | 46.25 | 81.50 | NOTE | |
r-devel-linux-x86_64-debian-gcc | 0.1.0 | 25.20 | 36.01 | 61.21 | NOTE | |
r-devel-linux-x86_64-fedora-clang | 0.1.0 | 106.09 | NOTE | |||
r-devel-linux-x86_64-fedora-gcc | 0.1.0 | 103.52 | NOTE | |||
r-devel-windows-x86_64 | 0.1.0 | 59.00 | 81.00 | 140.00 | NOTE | |
r-patched-linux-x86_64 | 0.1.0 | 28.27 | 45.69 | 73.96 | NOTE | |
r-release-linux-x86_64 | 0.1.0 | 29.17 | 45.13 | 74.30 | NOTE | |
r-release-macos-arm64 | 0.1.0 | 31.00 | NOTE | |||
r-release-macos-x86_64 | 0.1.0 | 46.00 | NOTE | |||
r-release-windows-x86_64 | 0.1.0 | 53.00 | 84.00 | 137.00 | NOTE | |
r-oldrel-macos-arm64 | 0.1.0 | 32.00 | NOTE | |||
r-oldrel-macos-x86_64 | 0.1.0 | 47.00 | NOTE | |||
r-oldrel-windows-ix86+x86_64 | 0.1.0 | 76.00 | 85.00 | 161.00 | NOTE |
Version: 0.1.0
Check: LazyData
Result: NOTE
'LazyData' is specified without a 'data' directory
Flavors: r-devel-linux-x86_64-debian-clang, r-devel-linux-x86_64-debian-gcc, r-devel-linux-x86_64-fedora-clang, r-devel-linux-x86_64-fedora-gcc, r-devel-windows-x86_64, r-patched-linux-x86_64, r-release-linux-x86_64, r-release-macos-arm64, r-release-macos-x86_64, r-release-windows-x86_64, r-oldrel-macos-arm64, r-oldrel-macos-x86_64, r-oldrel-windows-ix86+x86_64