Last updated on 2022-05-18 23:52:14 CEST.
Flavor | Version | Tinstall | Tcheck | Ttotal | Status | Flags |
---|---|---|---|---|---|---|
r-devel-linux-x86_64-debian-clang | 1.0 | 10.19 | 153.55 | 163.74 | OK | |
r-devel-linux-x86_64-debian-gcc | 1.0 | 9.13 | 112.90 | 122.03 | OK | |
r-devel-linux-x86_64-fedora-clang | 1.0 | 185.52 | OK | |||
r-devel-linux-x86_64-fedora-gcc | 1.0 | 195.85 | OK | |||
r-devel-windows-x86_64 | 1.0 | 19.00 | 166.00 | 185.00 | NOTE | |
r-patched-linux-x86_64 | 1.0 | 10.65 | 142.22 | 152.87 | OK | |
r-release-linux-x86_64 | 1.0 | 10.35 | 141.36 | 151.71 | OK | |
r-release-macos-arm64 | 1.0 | 49.00 | OK | |||
r-release-macos-x86_64 | 1.0 | 82.00 | OK | |||
r-release-windows-x86_64 | 1.0 | 30.00 | 170.00 | 200.00 | NOTE | |
r-oldrel-macos-arm64 | 1.0 | 43.00 | OK | |||
r-oldrel-macos-x86_64 | 1.0 | 63.00 | OK | |||
r-oldrel-windows-ix86+x86_64 | 1.0 | 27.00 | 152.00 | 179.00 | NOTE |
Version: 1.0
Check: package dependencies
Result: NOTE
Package suggested but not available for checking: 'doMC'
Flavors: r-devel-windows-x86_64, r-release-windows-x86_64, r-oldrel-windows-ix86+x86_64