CRAN Package Check Results for Package GofCens

Last updated on 2022-01-29 06:49:35 CET.

Flavor Version Tinstall Tcheck Ttotal Status Flags
r-devel-linux-x86_64-debian-clang 0.92 10.90 111.35 122.25 OK
r-devel-linux-x86_64-debian-gcc 0.92 8.38 84.08 92.46 OK
r-devel-linux-x86_64-fedora-clang 0.92 151.16 NOTE
r-devel-linux-x86_64-fedora-gcc 0.92 140.95 OK
r-devel-windows-x86_64-new-UL 0.92 28.00 126.00 154.00 OK
r-devel-windows-x86_64-new-TK 0.92 OK
r-patched-linux-x86_64 0.92 8.83 98.64 107.47 OK
r-release-linux-x86_64 0.92 10.28 98.11 108.39 OK
r-release-macos-arm64 0.92 OK
r-release-macos-x86_64 0.92 OK
r-release-windows-ix86+x86_64 0.92 24.00 114.00 138.00 OK
r-oldrel-macos-x86_64 0.92 OK
r-oldrel-windows-ix86+x86_64 0.92 24.00 118.00 142.00 OK

Check Details

Version: 0.92
Check: Rd cross-references
Result: NOTE
    Undeclared package ‘goftest’ in Rd xrefs
Flavor: r-devel-linux-x86_64-fedora-clang