CRAN Package Check Results for Package Grace

Last updated on 2022-05-17 05:52:48 CEST.

Flavor Version Tinstall Tcheck Ttotal Status Flags
r-devel-linux-x86_64-debian-clang 0.5.3 8.22 90.48 98.70 NOTE
r-devel-linux-x86_64-debian-gcc 0.5.3 6.85 67.52 74.37 NOTE
r-devel-linux-x86_64-fedora-clang 0.5.3 113.32 NOTE
r-devel-linux-x86_64-fedora-gcc 0.5.3 118.44 NOTE
r-devel-windows-x86_64 0.5.3 13.00 119.00 132.00 NOTE
r-patched-linux-x86_64 0.5.3 7.70 82.25 89.95 NOTE
r-release-linux-x86_64 0.5.3 6.37 85.14 91.51 NOTE
r-release-macos-arm64 0.5.3 33.00 NOTE
r-release-macos-x86_64 0.5.3 48.00 NOTE
r-release-windows-x86_64 0.5.3 11.00 113.00 124.00 NOTE
r-oldrel-macos-arm64 0.5.3 41.00 NOTE
r-oldrel-macos-x86_64 0.5.3 49.00 NOTE
r-oldrel-windows-ix86+x86_64 0.5.3 18.00 96.00 114.00 NOTE

Check Details

Version: 0.5.3
Check: LazyData
Result: NOTE
     'LazyData' is specified without a 'data' directory
Flavors: r-devel-linux-x86_64-debian-clang, r-devel-linux-x86_64-debian-gcc, r-devel-linux-x86_64-fedora-clang, r-devel-linux-x86_64-fedora-gcc, r-devel-windows-x86_64, r-patched-linux-x86_64, r-release-linux-x86_64, r-release-macos-arm64, r-release-macos-x86_64, r-release-windows-x86_64, r-oldrel-macos-arm64, r-oldrel-macos-x86_64, r-oldrel-windows-ix86+x86_64