CRAN Package Check Results for Package HARtools

Last updated on 2022-05-17 07:53:06 CEST.

Flavor Version Tinstall Tcheck Ttotal Status Flags
r-devel-linux-x86_64-debian-clang 0.0.5 3.56 41.47 45.03 ERROR
r-devel-linux-x86_64-debian-gcc 0.0.5 2.69 32.66 35.35 ERROR
r-devel-linux-x86_64-fedora-clang 0.0.5 54.11 ERROR
r-devel-linux-x86_64-fedora-gcc 0.0.5 53.13 ERROR
r-devel-windows-x86_64 0.0.5 40.00 62.00 102.00 ERROR
r-patched-linux-x86_64 0.0.5 3.36 43.38 46.74 NOTE
r-release-linux-x86_64 0.0.5 2.98 43.52 46.50 NOTE
r-release-macos-arm64 0.0.5 22.00 NOTE
r-release-macos-x86_64 0.0.5 30.00 NOTE
r-release-windows-x86_64 0.0.5 66.00 69.00 135.00 NOTE
r-oldrel-macos-arm64 0.0.5 35.00 NOTE
r-oldrel-macos-x86_64 0.0.5 31.00 NOTE
r-oldrel-windows-ix86+x86_64 0.0.5 9.00 56.00 65.00 NOTE

Check Details

Version: 0.0.5
Check: LazyData
Result: NOTE
     'LazyData' is specified without a 'data' directory
Flavors: r-devel-linux-x86_64-debian-clang, r-devel-linux-x86_64-debian-gcc, r-devel-linux-x86_64-fedora-clang, r-devel-linux-x86_64-fedora-gcc, r-devel-windows-x86_64, r-patched-linux-x86_64, r-release-linux-x86_64, r-release-macos-arm64, r-release-macos-x86_64, r-release-windows-x86_64, r-oldrel-macos-arm64, r-oldrel-macos-x86_64, r-oldrel-windows-ix86+x86_64

Version: 0.0.5
Check: examples
Result: ERROR
    Running examples in 'HARtools-Ex.R' failed
    The error most likely occurred in:
    
    > base::assign(".ptime", proc.time(), pos = "CheckExEnv")
    > ### Name: readHAR
    > ### Title: Read HAR objects
    > ### Aliases: readHAR
    >
    > ### ** Examples
    >
    > har <- readHAR(system.file(package = "HARtools",
    + "exdata", "google.com.har"))
    Error in is.list(x) && (required %in% names(x)) :
     'length = 3' in coercion to 'logical(1)'
    Calls: readHAR ... tryCatchOne -> doTryCatch -> eval -> eval -> contains_required
    Execution halted
Flavors: r-devel-linux-x86_64-debian-clang, r-devel-linux-x86_64-debian-gcc

Version: 0.0.5
Check: re-building of vignette outputs
Result: ERROR
    Error(s) in re-building vignettes:
     ...
    --- re-building 'Basic_use.Rmd' using rmarkdown
    Quitting from lines 50-54 (Basic_use.Rmd)
    Error: processing vignette 'Basic_use.Rmd' failed with diagnostics:
    'length = 3' in coercion to 'logical(1)'
    --- failed re-building 'Basic_use.Rmd'
    
    SUMMARY: processing the following file failed:
     'Basic_use.Rmd'
    
    Error: Vignette re-building failed.
    Execution halted
Flavors: r-devel-linux-x86_64-debian-clang, r-devel-linux-x86_64-debian-gcc

Version: 0.0.5
Check: examples
Result: ERROR
    Running examples in ‘HARtools-Ex.R’ failed
    The error most likely occurred in:
    
    > ### Name: readHAR
    > ### Title: Read HAR objects
    > ### Aliases: readHAR
    >
    > ### ** Examples
    >
    > har <- readHAR(system.file(package = "HARtools",
    + "exdata", "google.com.har"))
    Error in is.list(x) && (required %in% names(x)) :
     'length = 3' in coercion to 'logical(1)'
    Calls: readHAR ... tryCatchOne -> doTryCatch -> eval -> eval -> contains_required
    Execution halted
Flavors: r-devel-linux-x86_64-fedora-clang, r-devel-linux-x86_64-fedora-gcc, r-devel-windows-x86_64

Version: 0.0.5
Check: re-building of vignette outputs
Result: ERROR
    Error(s) in re-building vignettes:
    --- re-building ‘Basic_use.Rmd’ using rmarkdown
    Quitting from lines 50-54 (Basic_use.Rmd)
    Error: processing vignette 'Basic_use.Rmd' failed with diagnostics:
    'length = 3' in coercion to 'logical(1)'
    --- failed re-building ‘Basic_use.Rmd’
    
    SUMMARY: processing the following file failed:
     ‘Basic_use.Rmd’
    
    Error: Vignette re-building failed.
    Execution halted
Flavors: r-devel-linux-x86_64-fedora-clang, r-devel-linux-x86_64-fedora-gcc, r-devel-windows-x86_64