CRAN Package Check Results for Package HCR

Last updated on 2022-05-18 16:49:50 CEST.

Flavor Version Tinstall Tcheck Ttotal Status Flags
r-devel-linux-x86_64-debian-clang 0.1.1 2.92 45.64 48.56 NOTE
r-devel-linux-x86_64-debian-gcc 0.1.1 2.12 34.32 36.44 NOTE
r-devel-linux-x86_64-fedora-clang 0.1.1 58.10 NOTE
r-devel-linux-x86_64-fedora-gcc 0.1.1 57.34 NOTE
r-devel-windows-x86_64 0.1.1 13.00 61.00 74.00 NOTE
r-patched-linux-x86_64 0.1.1 2.59 43.76 46.35 NOTE
r-release-linux-x86_64 0.1.1 2.74 43.13 45.87 NOTE
r-release-macos-arm64 0.1.1 18.00 NOTE
r-release-macos-x86_64 0.1.1 27.00 NOTE
r-release-windows-x86_64 0.1.1 13.00 58.00 71.00 NOTE
r-oldrel-macos-arm64 0.1.1 21.00 NOTE
r-oldrel-macos-x86_64 0.1.1 44.00 NOTE
r-oldrel-windows-ix86+x86_64 0.1.1 7.00 53.00 60.00 NOTE

Check Details

Version: 0.1.1
Check: LazyData
Result: NOTE
     'LazyData' is specified without a 'data' directory
Flavors: r-devel-linux-x86_64-debian-clang, r-devel-linux-x86_64-debian-gcc, r-devel-linux-x86_64-fedora-clang, r-devel-linux-x86_64-fedora-gcc, r-devel-windows-x86_64, r-patched-linux-x86_64, r-release-linux-x86_64, r-release-macos-arm64, r-release-macos-x86_64, r-release-windows-x86_64, r-oldrel-macos-arm64, r-oldrel-macos-x86_64, r-oldrel-windows-ix86+x86_64