Last updated on 2022-05-18 16:49:51 CEST.
Flavor | Version | Tinstall | Tcheck | Ttotal | Status | Flags |
---|---|---|---|---|---|---|
r-devel-linux-x86_64-debian-clang | 1.1 | 130.49 | 43.12 | 173.61 | OK | |
r-devel-linux-x86_64-debian-gcc | 1.1 | 100.06 | 34.21 | 134.27 | OK | |
r-devel-linux-x86_64-fedora-clang | 1.1 | 260.60 | NOTE | |||
r-devel-linux-x86_64-fedora-gcc | 1.1 | 229.78 | OK | |||
r-devel-windows-x86_64 | 1.1 | 122.00 | 84.00 | 206.00 | OK | |
r-patched-linux-x86_64 | 1.1 | 110.43 | 42.08 | 152.51 | OK | |
r-release-linux-x86_64 | 1.1 | 105.99 | 41.01 | 147.00 | OK | |
r-release-macos-arm64 | 1.1 | 52.00 | NOTE | |||
r-release-macos-x86_64 | 1.1 | 71.00 | NOTE | |||
r-release-windows-x86_64 | 1.1 | 118.00 | 85.00 | 203.00 | OK | |
r-oldrel-macos-arm64 | 1.1 | 63.00 | NOTE | |||
r-oldrel-macos-x86_64 | 1.1 | 150.00 | NOTE | |||
r-oldrel-windows-ix86+x86_64 | 1.1 | 331.00 | 85.00 | 416.00 | NOTE |
Version: 1.1
Check: installed package size
Result: NOTE
installed size is 6.9Mb
sub-directories of 1Mb or more:
data 3.5Mb
libs 3.1Mb
Flavors: r-devel-linux-x86_64-fedora-clang, r-release-macos-arm64, r-release-macos-x86_64, r-oldrel-macos-arm64, r-oldrel-macos-x86_64, r-oldrel-windows-ix86+x86_64