Last updated on 2022-05-17 05:52:48 CEST.
Flavor | Version | Tinstall | Tcheck | Ttotal | Status | Flags |
---|---|---|---|---|---|---|
r-devel-linux-x86_64-debian-clang | 0.1.2 | 49.38 | 36.90 | 86.28 | NOTE | |
r-devel-linux-x86_64-debian-gcc | 0.1.2 | 39.70 | 29.11 | 68.81 | NOTE | |
r-devel-linux-x86_64-fedora-clang | 0.1.2 | 128.03 | NOTE | |||
r-devel-linux-x86_64-fedora-gcc | 0.1.2 | 113.99 | NOTE | |||
r-devel-windows-x86_64 | 0.1.2 | 61.00 | 74.00 | 135.00 | NOTE | |
r-patched-linux-x86_64 | 0.1.2 | 42.80 | 36.14 | 78.94 | NOTE | |
r-release-linux-x86_64 | 0.1.2 | 42.39 | 35.65 | 78.04 | NOTE | |
r-release-macos-arm64 | 0.1.2 | 34.00 | NOTE | |||
r-release-macos-x86_64 | 0.1.2 | 41.00 | NOTE | |||
r-release-windows-x86_64 | 0.1.2 | 62.00 | 76.00 | 138.00 | NOTE | |
r-oldrel-macos-arm64 | 0.1.2 | 36.00 | NOTE | |||
r-oldrel-macos-x86_64 | 0.1.2 | 55.00 | NOTE | |||
r-oldrel-windows-ix86+x86_64 | 0.1.2 | 138.00 | 77.00 | 215.00 | NOTE |
Version: 0.1.2
Check: LazyData
Result: NOTE
'LazyData' is specified without a 'data' directory
Flavors: r-devel-linux-x86_64-debian-clang, r-devel-linux-x86_64-debian-gcc, r-devel-linux-x86_64-fedora-clang, r-devel-linux-x86_64-fedora-gcc, r-devel-windows-x86_64, r-patched-linux-x86_64, r-release-linux-x86_64, r-release-macos-arm64, r-release-macos-x86_64, r-release-windows-x86_64, r-oldrel-macos-arm64, r-oldrel-macos-x86_64, r-oldrel-windows-ix86+x86_64