CRAN Package Check Results for Package HMMcopula

Last updated on 2022-05-20 01:51:06 CEST.

Flavor Version Tinstall Tcheck Ttotal Status Flags
r-devel-linux-x86_64-debian-clang 1.0.4 12.83 96.17 109.00 NOTE
r-devel-linux-x86_64-debian-gcc 1.0.4 9.17 73.98 83.15 NOTE
r-devel-linux-x86_64-fedora-clang 1.0.4 127.28 NOTE
r-devel-linux-x86_64-fedora-gcc 1.0.4 125.88 NOTE
r-devel-windows-x86_64 1.0.4 24.00 104.00 128.00 NOTE
r-patched-linux-x86_64 1.0.4 12.69 92.90 105.59 NOTE
r-release-linux-x86_64 1.0.4 9.25 91.93 101.18 NOTE
r-release-macos-arm64 1.0.4 36.00 NOTE
r-release-macos-x86_64 1.0.4 50.00 NOTE
r-release-windows-x86_64 1.0.4 37.00 109.00 146.00 NOTE
r-oldrel-macos-arm64 1.0.4 41.00 NOTE
r-oldrel-macos-x86_64 1.0.4 73.00 NOTE
r-oldrel-windows-ix86+x86_64 1.0.4 23.00 104.00 127.00 NOTE

Check Details

Version: 1.0.4
Check: LazyData
Result: NOTE
     'LazyData' is specified without a 'data' directory
Flavors: r-devel-linux-x86_64-debian-clang, r-devel-linux-x86_64-debian-gcc, r-devel-linux-x86_64-fedora-clang, r-devel-linux-x86_64-fedora-gcc, r-devel-windows-x86_64, r-patched-linux-x86_64, r-release-linux-x86_64, r-release-macos-arm64, r-release-macos-x86_64, r-release-windows-x86_64, r-oldrel-macos-arm64, r-oldrel-macos-x86_64, r-oldrel-windows-ix86+x86_64