CRAN Package Check Results for Package HRW

Last updated on 2022-05-17 05:52:48 CEST.

Flavor Version Tinstall Tcheck Ttotal Status Flags
r-devel-linux-x86_64-debian-clang 1.0-5 16.09 66.56 82.65 OK
r-devel-linux-x86_64-debian-gcc 1.0-5 15.01 51.02 66.03 OK
r-devel-linux-x86_64-fedora-clang 1.0-5 99.34 NOTE
r-devel-linux-x86_64-fedora-gcc 1.0-5 99.39 OK
r-devel-windows-x86_64 1.0-5 57.00 91.00 148.00 NOTE
r-patched-linux-x86_64 1.0-5 18.76 63.61 82.37 OK
r-release-linux-x86_64 1.0-5 17.52 61.56 79.08 OK
r-release-macos-arm64 1.0-5 35.00 NOTE
r-release-macos-x86_64 1.0-5 47.00 NOTE
r-release-windows-x86_64 1.0-5 47.00 89.00 136.00 NOTE
r-oldrel-macos-arm64 1.0-5 64.00 NOTE
r-oldrel-macos-x86_64 1.0-5 45.00 NOTE
r-oldrel-windows-ix86+x86_64 1.0-5 26.00 80.00 106.00 NOTE

Check Details

Version: 1.0-5
Check: installed package size
Result: NOTE
     installed size is 7.6Mb
     sub-directories of 1Mb or more:
     data 7.1Mb
Flavors: r-devel-linux-x86_64-fedora-clang, r-devel-windows-x86_64, r-release-macos-arm64, r-release-macos-x86_64, r-release-windows-x86_64, r-oldrel-macos-arm64, r-oldrel-macos-x86_64, r-oldrel-windows-ix86+x86_64