Last updated on 2022-05-29 07:52:58 CEST.
Flavor | Version | Tinstall | Tcheck | Ttotal | Status | Flags |
---|---|---|---|---|---|---|
r-devel-linux-x86_64-debian-clang | 1.4.1 | 8.79 | 217.46 | 226.25 | OK | --no-vignettes |
r-devel-linux-x86_64-debian-gcc | 1.4.1 | 7.21 | 160.69 | 167.90 | OK | --no-vignettes |
r-devel-linux-x86_64-fedora-clang | 1.4.1 | 940.84 | NOTE | |||
r-devel-linux-x86_64-fedora-gcc | 1.4.1 | 849.28 | NOTE | |||
r-devel-windows-x86_64 | 1.4.1 | 33.00 | 254.00 | 287.00 | OK | --no-vignettes |
r-patched-linux-x86_64 | 1.4.1 | 7.42 | 206.95 | 214.37 | OK | --no-vignettes |
r-release-linux-x86_64 | 1.4.1 | 8.10 | 203.16 | 211.26 | OK | --no-vignettes |
r-release-macos-arm64 | 1.4.1 | 195.00 | NOTE | |||
r-release-macos-x86_64 | 1.4.1 | 397.00 | NOTE | |||
r-release-windows-x86_64 | 1.4.1 | 54.00 | 262.00 | 316.00 | OK | --no-vignettes |
r-oldrel-macos-arm64 | 1.4.1 | 632.00 | NOTE | |||
r-oldrel-macos-x86_64 | 1.4.1 | 852.00 | NOTE | |||
r-oldrel-windows-ix86+x86_64 | 1.4.1 | 22.00 | 296.00 | 318.00 | OK | --no-vignettes |
Version: 1.4.1
Check: dependencies in R code
Result: NOTE
Namespace in Imports field not imported from: ‘igraph’
All declared Imports should be used.
Flavors: r-devel-linux-x86_64-fedora-clang, r-devel-linux-x86_64-fedora-gcc, r-release-macos-arm64, r-release-macos-x86_64, r-oldrel-macos-arm64, r-oldrel-macos-x86_64