Last updated on 2022-05-25 20:53:52 CEST.
Flavor | Version | Tinstall | Tcheck | Ttotal | Status | Flags |
---|---|---|---|---|---|---|
r-devel-linux-x86_64-debian-clang | 0.8-7 | 2.38 | 64.97 | 67.35 | OK | |
r-devel-linux-x86_64-debian-gcc | 0.8-7 | 2.20 | 48.91 | 51.11 | OK | |
r-devel-linux-x86_64-fedora-clang | 0.8-7 | 85.03 | NOTE | |||
r-devel-linux-x86_64-fedora-gcc | 0.8-7 | 85.50 | OK | |||
r-devel-windows-x86_64 | 0.8-7 | 49.00 | 95.00 | 144.00 | OK | |
r-patched-linux-x86_64 | 0.8-7 | 3.09 | 59.94 | 63.03 | OK | |
r-release-linux-x86_64 | 0.8-7 | OK | ||||
r-release-macos-arm64 | 0.8-7 | 23.00 | OK | |||
r-release-macos-x86_64 | 0.8-7 | 34.00 | OK | |||
r-release-windows-x86_64 | 0.8-7 | 43.00 | 93.00 | 136.00 | OK | |
r-oldrel-macos-arm64 | 0.8-7 | 32.00 | OK | |||
r-oldrel-macos-x86_64 | 0.8-7 | 49.00 | OK | |||
r-oldrel-windows-ix86+x86_64 | 0.8-7 | 7.00 | 87.00 | 94.00 | OK |
Version: 0.8-7
Check: Rd cross-references
Result: NOTE
Undeclared packages ‘Guerry’, ‘alr4’, ‘agridat’, ‘coin’ in Rd xrefs
Flavor: r-devel-linux-x86_64-fedora-clang