CRAN Package Check Results for Package HydeNet

Last updated on 2022-01-22 18:50:57 CET.

Flavor Version Tinstall Tcheck Ttotal Status Flags
r-devel-linux-x86_64-debian-clang 0.10.11 11.11 122.27 133.38 OK
r-devel-linux-x86_64-debian-gcc 0.10.11 7.73 91.15 98.88 OK
r-devel-linux-x86_64-fedora-clang 0.10.11 170.14 NOTE
r-devel-linux-x86_64-fedora-gcc 0.10.11 144.81 NOTE
r-devel-windows-x86_64-new-UL 0.10.11 68.00 173.00 241.00 OK
r-devel-windows-x86_64-new-TK 0.10.11 NOTE
r-patched-linux-x86_64 0.10.11 10.74 120.49 131.23 OK
r-release-linux-x86_64 0.10.11 6.33 119.78 126.11 OK
r-release-macos-arm64 0.10.11 NOTE
r-release-macos-x86_64 0.10.11 NOTE
r-release-windows-ix86+x86_64 0.10.11 21.00 151.00 172.00 OK
r-oldrel-macos-x86_64 0.10.11 NOTE
r-oldrel-windows-ix86+x86_64 0.10.11 21.00 160.00 181.00 OK

Check Details

Version: 0.10.11
Check: dependencies in R code
Result: NOTE
    Namespace in Imports field not imported from: ‘graph’
     All declared Imports should be used.
Flavors: r-devel-linux-x86_64-fedora-clang, r-devel-linux-x86_64-fedora-gcc, r-devel-windows-x86_64-new-TK, r-release-macos-arm64, r-release-macos-x86_64, r-oldrel-macos-x86_64