Last updated on 2022-05-21 15:49:56 CEST.
Flavor | Version | Tinstall | Tcheck | Ttotal | Status | Flags |
---|---|---|---|---|---|---|
r-devel-linux-x86_64-debian-clang | 1.1.1 | 2.74 | 43.87 | 46.61 | NOTE | |
r-devel-linux-x86_64-debian-gcc | 1.1.1 | 2.89 | 33.38 | 36.27 | NOTE | |
r-devel-linux-x86_64-fedora-clang | 1.1.1 | 56.61 | NOTE | |||
r-devel-linux-x86_64-fedora-gcc | 1.1.1 | 60.53 | NOTE | |||
r-devel-windows-x86_64 | 1.1.1 | 10.00 | 60.00 | 70.00 | NOTE | |
r-patched-linux-x86_64 | 1.1.1 | 3.52 | 42.73 | 46.25 | NOTE | |
r-release-linux-x86_64 | 1.1.1 | 2.22 | 41.76 | 43.98 | NOTE | |
r-release-macos-arm64 | 1.1.1 | 17.00 | NOTE | |||
r-release-macos-x86_64 | 1.1.1 | 25.00 | NOTE | |||
r-release-windows-x86_64 | 1.1.1 | 11.00 | 59.00 | 70.00 | NOTE | |
r-oldrel-macos-arm64 | 1.1.1 | 20.00 | NOTE | |||
r-oldrel-macos-x86_64 | 1.1.1 | 45.00 | NOTE | |||
r-oldrel-windows-ix86+x86_64 | 1.1.1 | 7.00 | 54.00 | 61.00 | NOTE |
Version: 1.1.1
Check: LazyData
Result: NOTE
'LazyData' is specified without a 'data' directory
Flavors: r-devel-linux-x86_64-debian-clang, r-devel-linux-x86_64-debian-gcc, r-devel-linux-x86_64-fedora-clang, r-devel-linux-x86_64-fedora-gcc, r-devel-windows-x86_64, r-patched-linux-x86_64, r-release-linux-x86_64, r-release-macos-arm64, r-release-macos-x86_64, r-release-windows-x86_64, r-oldrel-macos-arm64, r-oldrel-macos-x86_64, r-oldrel-windows-ix86+x86_64