CRAN Package Check Results for Package ICtest

Last updated on 2022-05-21 07:55:25 CEST.

Flavor Version Tinstall Tcheck Ttotal Status Flags
r-devel-linux-x86_64-debian-clang 0.3-5 47.89 224.04 271.93 OK
r-devel-linux-x86_64-debian-gcc 0.3-5 38.05 161.22 199.27 OK
r-devel-linux-x86_64-fedora-clang 0.3-5 334.37 OK
r-devel-linux-x86_64-fedora-gcc 0.3-5 316.12 OK
r-devel-windows-x86_64 0.3-5 62.00 286.00 348.00 OK
r-patched-linux-x86_64 0.3-4 42.65 192.71 235.36 OK
r-release-linux-x86_64 0.3-5 42.16 204.26 246.42 OK
r-release-macos-arm64 0.3-5 99.00 NOTE
r-release-macos-x86_64 0.3-5 114.00 NOTE
r-release-windows-x86_64 0.3-5 122.00 253.00 375.00 OK
r-oldrel-macos-arm64 0.3-5 90.00 NOTE
r-oldrel-macos-x86_64 0.3-5 119.00 NOTE
r-oldrel-windows-ix86+x86_64 0.3-5 117.00 350.00 467.00 OK

Check Details

Version: 0.3-5
Check: installed package size
Result: NOTE
     installed size is 5.6Mb
     sub-directories of 1Mb or more:
     doc 2.5Mb
     libs 2.8Mb
Flavors: r-release-macos-arm64, r-release-macos-x86_64, r-oldrel-macos-arm64, r-oldrel-macos-x86_64