CRAN Package Check Results for Package IETD

Last updated on 2023-05-30 16:00:34 CEST.

Flavor Version Tinstall Tcheck Ttotal Status Flags
r-devel-linux-x86_64-debian-clang 1.0.0 7.39 65.89 73.28 OK
r-devel-linux-x86_64-debian-gcc 1.0.0 5.88 49.07 54.95 OK
r-devel-linux-x86_64-fedora-clang 1.0.0 90.64 NOTE
r-devel-linux-x86_64-fedora-gcc 1.0.0 95.58 NOTE
r-devel-windows-x86_64 1.0.0 8.00 84.00 92.00 OK
r-patched-linux-x86_64 1.0.0 6.32 61.49 67.81 OK
r-release-linux-x86_64 1.0.0 6.47 61.17 67.64 OK
r-release-macos-arm64 1.0.0 32.00 OK
r-release-macos-x86_64 1.0.0 46.00 OK
r-release-windows-x86_64 1.0.0 10.00 100.00 110.00 OK
r-oldrel-macos-arm64 1.0.0 39.00 NOTE
r-oldrel-macos-x86_64 1.0.0 55.00 NOTE
r-oldrel-windows-x86_64 1.0.0 10.00 106.00 116.00 OK

Check Details

Version: 1.0.0
Check: dependencies in R code
Result: NOTE
    Namespace in Imports field not imported from: ‘Rdpack’
     All declared Imports should be used.
Flavors: r-devel-linux-x86_64-fedora-clang, r-devel-linux-x86_64-fedora-gcc, r-oldrel-macos-arm64, r-oldrel-macos-x86_64