CRAN Package Check Results for Package IMmailgun

Last updated on 2024-03-01 06:52:44 CET.

Flavor Version Tinstall Tcheck Ttotal Status Flags
r-devel-linux-x86_64-debian-clang 0.1.2 2.65 20.06 22.71 NOTE
r-devel-linux-x86_64-debian-gcc 0.1.2 1.69 15.46 17.15 NOTE
r-devel-linux-x86_64-fedora-clang 0.1.2 28.17 NOTE
r-devel-linux-x86_64-fedora-gcc 0.1.2 26.98 NOTE
r-devel-windows-x86_64 0.1.2 3.00 37.00 40.00 NOTE
r-patched-linux-x86_64 0.1.2 3.04 19.65 22.69 NOTE
r-release-linux-x86_64 0.1.2 1.91 19.93 21.84 NOTE
r-release-macos-arm64 0.1.2 23.00 NOTE
r-release-macos-x86_64 0.1.2 17.00 NOTE
r-release-windows-x86_64 0.1.2 4.00 36.00 40.00 NOTE
r-oldrel-macos-arm64 0.1.2 15.00 NOTE
r-oldrel-windows-x86_64 0.1.2 4.00 39.00 43.00 NOTE

Check Details

Version: 0.1.2
Check: LazyData
Result: NOTE 'LazyData' is specified without a 'data' directory Flavors: r-devel-linux-x86_64-debian-clang, r-devel-linux-x86_64-debian-gcc, r-devel-linux-x86_64-fedora-clang, r-devel-linux-x86_64-fedora-gcc, r-devel-windows-x86_64, r-patched-linux-x86_64, r-release-linux-x86_64, r-release-macos-arm64, r-release-macos-x86_64, r-release-windows-x86_64, r-oldrel-macos-arm64, r-oldrel-windows-x86_64