Last updated on 2022-06-29 02:55:13 CEST.
Flavor | Version | Tinstall | Tcheck | Ttotal | Status | Flags |
---|---|---|---|---|---|---|
r-devel-linux-x86_64-debian-clang | 1.5 | 9.16 | 69.11 | 78.27 | OK | |
r-devel-linux-x86_64-debian-gcc | 1.5 | 6.28 | 51.91 | 58.19 | OK | |
r-devel-linux-x86_64-fedora-clang | 1.5 | 108.87 | NOTE | |||
r-devel-linux-x86_64-fedora-gcc | 1.5 | 101.25 | NOTE | |||
r-devel-windows-x86_64 | 1.5 | 18.00 | 94.00 | 112.00 | OK | |
r-patched-linux-x86_64 | 1.5 | 8.17 | 62.92 | 71.09 | OK | |
r-release-linux-x86_64 | 1.5 | 9.54 | 65.22 | 74.76 | OK | |
r-release-macos-arm64 | 1.5 | 31.00 | OK | |||
r-release-macos-x86_64 | 1.5 | 52.00 | OK | |||
r-release-windows-x86_64 | 1.5 | 15.00 | 91.00 | 106.00 | OK | |
r-oldrel-macos-arm64 | 1.5 | 37.00 | OK | |||
r-oldrel-macos-x86_64 | 1.5 | 52.00 | OK | |||
r-oldrel-windows-ix86+x86_64 | 1.5 | 24.00 | 110.00 | 134.00 | OK |
Version: 1.5
Check: compiled code
Result: NOTE
File ‘INSPIRE/libs/INSPIRE.so’:
Found no calls to: ‘R_registerRoutines’, ‘R_useDynamicSymbols’
It is good practice to register native routines and to disable symbol
search.
See ‘Writing portable packages’ in the ‘Writing R Extensions’ manual.
Flavors: r-devel-linux-x86_64-fedora-clang, r-devel-linux-x86_64-fedora-gcc