Last updated on 2023-05-30 16:00:35 CEST.
Flavor | Version | Tinstall | Tcheck | Ttotal | Status | Flags |
---|---|---|---|---|---|---|
r-devel-linux-x86_64-debian-clang | 1.5 | 8.77 | 104.16 | 112.93 | OK | |
r-devel-linux-x86_64-debian-gcc | 1.5 | 6.81 | 79.44 | 86.25 | OK | |
r-devel-linux-x86_64-fedora-clang | 1.5 | 139.72 | NOTE | |||
r-devel-linux-x86_64-fedora-gcc | 1.5 | 152.47 | NOTE | |||
r-devel-windows-x86_64 | 1.5 | 14.00 | 94.00 | 108.00 | OK | |
r-patched-linux-x86_64 | 1.5 | 7.84 | 97.74 | 105.58 | OK | |
r-release-linux-x86_64 | 1.5 | 8.94 | 97.05 | 105.99 | OK | |
r-release-macos-arm64 | 1.5 | 50.00 | OK | |||
r-release-macos-x86_64 | 1.5 | 76.00 | OK | |||
r-release-windows-x86_64 | 1.5 | 17.00 | 112.00 | 129.00 | OK | |
r-oldrel-macos-arm64 | 1.5 | 31.00 | OK | |||
r-oldrel-macos-x86_64 | 1.5 | 52.00 | OK | |||
r-oldrel-windows-x86_64 | 1.5 | 17.00 | 112.00 | 129.00 | OK |
Version: 1.5
Check: compiled code
Result: NOTE
File ‘INSPIRE/libs/INSPIRE.so’:
Found no calls to: ‘R_registerRoutines’, ‘R_useDynamicSymbols’
It is good practice to register native routines and to disable symbol
search.
See ‘Writing portable packages’ in the ‘Writing R Extensions’ manual.
Flavors: r-devel-linux-x86_64-fedora-clang, r-devel-linux-x86_64-fedora-gcc