CRAN Package Check Results for Package InflectSSP

Last updated on 2024-05-24 09:53:38 CEST.

Flavor Version Tinstall Tcheck Ttotal Status Flags
r-devel-linux-x86_64-debian-clang 1.6 15.74 121.74 137.48 OK
r-devel-linux-x86_64-debian-gcc 1.6 11.80 90.06 101.86 OK
r-devel-linux-x86_64-fedora-clang 1.6 174.97 NOTE
r-devel-linux-x86_64-fedora-gcc 1.6 177.83 NOTE
r-devel-windows-x86_64 1.6 12.00 93.00 105.00 OK
r-patched-linux-x86_64 1.6 11.46 120.15 131.61 OK
r-release-linux-x86_64 1.6 12.74 115.77 128.51 OK
r-release-macos-arm64 1.6 53.00 OK
r-release-windows-x86_64 1.6 12.00 94.00 106.00 OK
r-oldrel-macos-arm64 1.6 57.00 OK
r-oldrel-macos-x86_64 1.6 105.00 OK
r-oldrel-windows-x86_64 1.6 14.00 107.00 121.00 OK

Check Details

Version: 1.6
Check: dependencies in R code
Result: NOTE Namespace in Imports field not imported from: ‘svglite’ All declared Imports should be used. Flavors: r-devel-linux-x86_64-fedora-clang, r-devel-linux-x86_64-fedora-gcc