CRAN Package Check Results for Package IrregLong

Last updated on 2022-01-16 18:49:15 CET.

Flavor Version Tinstall Tcheck Ttotal Status Flags
r-devel-linux-x86_64-debian-clang 0.3.3 10.52 111.79 122.31 NOTE
r-devel-linux-x86_64-debian-gcc 0.3.3 7.69 93.62 101.31 NOTE
r-devel-linux-x86_64-fedora-clang 0.3.3 145.50 NOTE
r-devel-linux-x86_64-fedora-gcc 0.3.3 132.95 NOTE
r-devel-windows-x86_64-new-UL 0.3.3 38.00 120.00 158.00 NOTE
r-devel-windows-x86_64-new-TK 0.3.3 ERROR
r-patched-linux-x86_64 0.3.3 10.03 102.90 112.93 NOTE
r-release-linux-x86_64 0.3.3 NOTE
r-release-macos-arm64 0.3.3 NOTE
r-release-macos-x86_64 0.3.3 NOTE
r-release-windows-ix86+x86_64 0.3.3 25.00 132.00 157.00 NOTE
r-oldrel-macos-x86_64 0.3.3 OK
r-oldrel-windows-ix86+x86_64 0.3.3 26.00 128.00 154.00 OK

Check Details

Version: 0.3.3
Check: LazyData
Result: NOTE
     'LazyData' is specified without a 'data' directory
Flavors: r-devel-linux-x86_64-debian-clang, r-devel-linux-x86_64-debian-gcc, r-devel-linux-x86_64-fedora-clang, r-devel-linux-x86_64-fedora-gcc, r-devel-windows-x86_64-new-UL, r-devel-windows-x86_64-new-TK, r-patched-linux-x86_64, r-release-linux-x86_64, r-release-macos-arm64, r-release-macos-x86_64, r-release-windows-ix86+x86_64

Version: 0.3.3
Check: package dependencies
Result: NOTE
    Package suggested but not available for checking: 'MEMSS'
Flavor: r-devel-windows-x86_64-new-TK

Version: 0.3.3
Check: examples
Result: ERROR
    Running examples in 'IrregLong-Ex.R' failed
    The error most likely occurred in:
    
    > ### Name: abacus.plot
    > ### Title: Create an abacus plot Creates an abacus plot, depicting visits
    > ### per subject over time
    > ### Aliases: abacus.plot
    >
    > ### ** Examples
    >
    > library(MEMSS)
    Error in library(MEMSS) : there is no package called 'MEMSS'
    Execution halted
Flavor: r-devel-windows-x86_64-new-TK

Version: 0.3.3
Check: re-building of vignette outputs
Result: WARN
    Error(s) in re-building vignettes:
    --- re-building 'Irreglong-vignette.Rmd' using rmarkdown
    Quitting from lines 58-63 (Irreglong-vignette.Rmd)
    Error: processing vignette 'Irreglong-vignette.Rmd' failed with diagnostics:
    there is no package called 'MEMSS'
    --- failed re-building 'Irreglong-vignette.Rmd'
    
    SUMMARY: processing the following file failed:
     'Irreglong-vignette.Rmd'
    
    Error: Vignette re-building failed.
    Execution halted
Flavor: r-devel-windows-x86_64-new-TK