CRAN Package Check Results for Package JMbayes2

Last updated on 2022-01-21 17:48:31 CET.

Flavor Version Tinstall Tcheck Ttotal Status Flags
r-devel-linux-x86_64-debian-clang 0.1-8 87.85 131.23 219.08 OK
r-devel-linux-x86_64-debian-gcc 0.1-8 77.35 98.28 175.63 OK
r-devel-linux-x86_64-fedora-clang 0.1-8 290.63 NOTE
r-devel-linux-x86_64-fedora-gcc 0.1-8 275.77 OK
r-devel-windows-x86_64-new-UL 0.1-8 102.00 161.00 263.00 OK
r-devel-windows-x86_64-new-TK 0.1-8 OK
r-patched-linux-x86_64 0.1-8 86.01 124.81 210.82 OK
r-release-linux-x86_64 0.1-8 88.67 124.67 213.34 OK
r-release-macos-arm64 0.1-8 NOTE
r-release-macos-x86_64 0.1-8 NOTE
r-release-windows-ix86+x86_64 0.1-8 185.00 192.00 377.00 OK
r-oldrel-macos-x86_64 0.1-8 NOTE
r-oldrel-windows-ix86+x86_64 0.1-8 183.00 197.00 380.00 OK

Check Details

Version: 0.1-8
Check: installed package size
Result: NOTE
     installed size is 7.6Mb
     sub-directories of 1Mb or more:
     libs 7.0Mb
Flavors: r-devel-linux-x86_64-fedora-clang, r-release-macos-arm64, r-release-macos-x86_64, r-oldrel-macos-x86_64